{"id":64020,"date":"2022-05-10T11:28:34","date_gmt":"2022-05-10T11:28:34","guid":{"rendered":"https:\/\/www.mirsa.es\/sofa-kasse-moradillo\/"},"modified":"2022-05-10T14:25:04","modified_gmt":"2022-05-10T14:25:04","slug":"sofa-kasse-moradillo","status":"publish","type":"page","link":"https:\/\/www.mirsa.es\/ca\/sofa-kasse-moradillo\/","title":{"rendered":"Sofa Kasse Moradillo"},"content":{"rendered":"<div class=\"wpb-content-wrapper\"><p>[vc_row][vc_column][vc_column_text]<\/p>\n<p><img decoding=\"async\" class=\"wp-image-1077 size-large aligncenter\" title=\"Sofa Kasse Moradillo\" src=\"\/wp-content\/uploads\/2022\/05\/sofa_kasse_moradillo.jpg\" alt=\"Sofa Kasse Moradillo\" width=\"100%\" height=\"400\"\/><\/p>\n<h2 style=\"font-size: 16px; text-align: left;\"><strong>Kasse de la reconeguda firma Moradillo \u00e9s un elegant i confortable sof\u00e0 de disseny contemporani que es caracteritza per les seves l\u00ednies informals i la seva est\u00e8tica casual.<\/strong><\/h2>\n<p style=\"font-size: 16px; text-align: left;\">Es tracta d&#8217;un sof\u00e0 vers\u00e0til i polivalent, que ha estat dissenyat especialment per a garantir la m\u00e0xima comoditat gr\u00e0cies als seus profunds seients de 64 cm de fons.<\/p>\n<p style=\"font-size: 16px; text-align: left;\">Gr\u00e0cies a la seva innovadora estructura modular, el sof\u00e0 Kasse permet m\u00faltiples opcions de configuraci\u00f3 i personalitzaci\u00f3, adaptant-se amb facilitat a qualsevol espai de la zona de dia.<\/p>\n<p style=\"font-size: 16px; text-align: left;\">El sofisticat farciment dels seients, resultat de la combinaci\u00f3 d&#8217;escumes de gran qualitat i de diferents densitats, afavorint els moments de relax i descans.<\/p>\n<p style=\"font-size: 16px; text-align: left;\">Com la resta de productes Moradillo, la col\u00b7lecci\u00f3 Kasse est\u00e0 disponible en una \u00e0mplia gamma de teixits i d&#8217;acabats, oferint solucions personalitzades en funci\u00f3 de l&#8217;espai on s&#8217;instal\u00b7li.<\/p>\n<p style=\"font-size: 16px; text-align: left;\">A MIRSA interiorisme &#038; mobiliari som distribu\u00efdors oficials Moradillo. Per a m\u00e9s informaci\u00f3, visiti el nostre Showroom o contacti amb nosaltres.<\/p>\n<p>[\/vc_column_text][vc_row_inner][vc_column_inner]<style type=\"text\/css\">#bklyn_btn_69f2ded71fd20 .bklyn-btn { color:#ffffff !important; background-color:black !important; }<\/style><div id=\"bklyn_btn_69f2ded71fd20\" class=\"bklyn-btn-holder  bklyn-btn-center bklyn-btn-tablet-center bklyn-btn-mobile-center\"><a title=\"Contacto\"   href=\"\/contacto\" target=\"_self\" class=\"bklyn-btn  bklyn-btn-icon-left bklyn-btn-normal\" ><i class=\"fa fa-envelope\"><\/i><span class=\"ut-btn-text\">M\u00e9s informaci\u00f3<\/span><\/a><\/div>[\/vc_column_inner][\/vc_row_inner][vc_row_inner][vc_column_inner width=&#8221;1\/2&#8243;]<div  class=\"wpb_content_element   clearfix\"><style type=\"text\/css\">#ut_am_69f2ded71ffe9 { opacity: 1; }#ut_am_wrap_69f2ded71ffea { text-align: center; }@media (min-width: 768px) and (max-width: 1024px) { #ut_am_wrap_69f2ded71ffea { text-align: center !important; } }@media (max-width: 767px) { #ut_am_wrap_69f2ded71ffea { text-align: center !important; } }<\/style><div id=\"ut_am_wrap_69f2ded71ffea\" class=\"ut-image-gallery-image \"><div id=\"ut_reveal_69f2ded71ffeb\"  data-appear-top-offset=\"auto\" class=\"ut-animated-image-item ut-image-gallery-item ut-animation-done \"><a class=\"ut-deactivated-link\" href=\"#\"><div class=\"ut-animated-image-zoom\">\r\n        <div class=\"ut-element-glitch-wrap\">\r\n\r\n            \r\n        <style type=\"text\/css\">\r\n\r\n                        \r\n        @media (min-width: 1025px) {\r\n\r\n        #ut-element-glitch-69f2ded72000b641235677-64012 .ut-glitch-single-element {\r\n                                            \r\n                }\r\n        }\r\n\r\n        @media (min-width: 768px) and (max-width: 1024px) {\r\n\r\n        #ut-element-glitch-69f2ded72000b641235677-64012 .ut-glitch-single-element {\r\n                                                \r\n                    }\r\n        }\r\n\r\n        @media (max-width: 767px) {\r\n\r\n        #ut-element-glitch-69f2ded72000b641235677-64012 .ut-glitch-single-element {\r\n                                                \r\n                    }\r\n        }\r\n\r\n        \r\n        <\/style>\r\n\r\n        \r\n            <div id=\"ut-element-glitch-69f2ded72000b641235677-64012\" class=\" ut-element-glitch ut-glitch-none ut-element-glitch-permanent\">\r\n                <div class=\"ut-glitch-single-element ut-lozad skip-lazy\" data-background-image=\"https:\/\/www.mirsa.es\/wp-content\/uploads\/2022\/05\/sofa_kasse_moradillo_01.jpg\"><\/div>\r\n                <div class=\"ut-glitch-single-element ut-lozad skip-lazy\" data-background-image=\"https:\/\/www.mirsa.es\/wp-content\/uploads\/2022\/05\/sofa_kasse_moradillo_01.jpg\"><\/div>\r\n                <div class=\"ut-glitch-single-element ut-lozad skip-lazy\" data-background-image=\"https:\/\/www.mirsa.es\/wp-content\/uploads\/2022\/05\/sofa_kasse_moradillo_01.jpg\"><\/div>\r\n                <div class=\"ut-glitch-single-element ut-lozad skip-lazy\" data-background-image=\"https:\/\/www.mirsa.es\/wp-content\/uploads\/2022\/05\/sofa_kasse_moradillo_01.jpg\"><\/div>\r\n                <div class=\"ut-glitch-single-element ut-lozad skip-lazy\" data-background-image=\"https:\/\/www.mirsa.es\/wp-content\/uploads\/2022\/05\/sofa_kasse_moradillo_01.jpg\"><\/div>\r\n            <\/div>\r\n\r\n        <\/div>\r\n\r\n        <img loading=\"lazy\" decoding=\"async\" class=\"ut-lazy skip-lazy ut-animated-image \"  id=\"ut_am_69f2ded71ffe9\" src=\"data:image\/svg+xml;charset=utf-8,%3Csvg xmlns%3D'http%3A%2F%2Fwww.w3.org%2F2000%2Fsvg' viewBox%3D'0 0 600 324'%2F%3E\" data-src=\"https:\/\/www.mirsa.es\/wp-content\/uploads\/2022\/05\/sofa_kasse_moradillo_01.jpg\" width=\"600\" height=\"324\" alt=\"\"\/><\/div><\/a><\/div><\/div><\/div>[\/vc_column_inner][vc_column_inner width=&#8221;1\/2&#8243;]<div  class=\"wpb_content_element   clearfix\"><style type=\"text\/css\">#ut_am_69f2ded72028e { opacity: 1; }#ut_am_wrap_69f2ded72028f { text-align: center; }@media (min-width: 768px) and (max-width: 1024px) { #ut_am_wrap_69f2ded72028f { text-align: center !important; } }@media (max-width: 767px) { #ut_am_wrap_69f2ded72028f { text-align: center !important; } }<\/style><div id=\"ut_am_wrap_69f2ded72028f\" class=\"ut-image-gallery-image \"><div id=\"ut_reveal_69f2ded720290\"  data-appear-top-offset=\"auto\" class=\"ut-animated-image-item ut-image-gallery-item ut-animation-done \"><a class=\"ut-deactivated-link\" href=\"#\"><div class=\"ut-animated-image-zoom\">\r\n        <div class=\"ut-element-glitch-wrap\">\r\n\r\n            \r\n        <style type=\"text\/css\">\r\n\r\n                        \r\n        @media (min-width: 1025px) {\r\n\r\n        #ut-element-glitch-69f2ded7202a5287804333-64015 .ut-glitch-single-element {\r\n                                            \r\n                }\r\n        }\r\n\r\n        @media (min-width: 768px) and (max-width: 1024px) {\r\n\r\n        #ut-element-glitch-69f2ded7202a5287804333-64015 .ut-glitch-single-element {\r\n                                                \r\n                    }\r\n        }\r\n\r\n        @media (max-width: 767px) {\r\n\r\n        #ut-element-glitch-69f2ded7202a5287804333-64015 .ut-glitch-single-element {\r\n                                                \r\n                    }\r\n        }\r\n\r\n        \r\n        <\/style>\r\n\r\n        \r\n            <div id=\"ut-element-glitch-69f2ded7202a5287804333-64015\" class=\" ut-element-glitch ut-glitch-none ut-element-glitch-permanent\">\r\n                <div class=\"ut-glitch-single-element ut-lozad skip-lazy\" data-background-image=\"https:\/\/www.mirsa.es\/wp-content\/uploads\/2022\/05\/sofa_kasse_moradillo_02.jpg\"><\/div>\r\n                <div class=\"ut-glitch-single-element ut-lozad skip-lazy\" data-background-image=\"https:\/\/www.mirsa.es\/wp-content\/uploads\/2022\/05\/sofa_kasse_moradillo_02.jpg\"><\/div>\r\n                <div class=\"ut-glitch-single-element ut-lozad skip-lazy\" data-background-image=\"https:\/\/www.mirsa.es\/wp-content\/uploads\/2022\/05\/sofa_kasse_moradillo_02.jpg\"><\/div>\r\n                <div class=\"ut-glitch-single-element ut-lozad skip-lazy\" data-background-image=\"https:\/\/www.mirsa.es\/wp-content\/uploads\/2022\/05\/sofa_kasse_moradillo_02.jpg\"><\/div>\r\n                <div class=\"ut-glitch-single-element ut-lozad skip-lazy\" data-background-image=\"https:\/\/www.mirsa.es\/wp-content\/uploads\/2022\/05\/sofa_kasse_moradillo_02.jpg\"><\/div>\r\n            <\/div>\r\n\r\n        <\/div>\r\n\r\n        <img loading=\"lazy\" decoding=\"async\" class=\"ut-lazy skip-lazy ut-animated-image \"  id=\"ut_am_69f2ded72028e\" src=\"data:image\/svg+xml;charset=utf-8,%3Csvg xmlns%3D'http%3A%2F%2Fwww.w3.org%2F2000%2Fsvg' viewBox%3D'0 0 600 324'%2F%3E\" data-src=\"https:\/\/www.mirsa.es\/wp-content\/uploads\/2022\/05\/sofa_kasse_moradillo_02.jpg\" width=\"600\" height=\"324\" alt=\"\"\/><\/div><\/a><\/div><\/div><\/div>[\/vc_column_inner][\/vc_row_inner][\/vc_column][\/vc_row]<\/p>\n<\/div>","protected":false},"excerpt":{"rendered":"<p>[vc_row][vc_column][vc_column_text] Kasse de la reconeguda firma Moradillo \u00e9s un elegant i confortable sof\u00e0 de disseny contemporani que es caracteritza per les seves l\u00ednies informals i la seva est\u00e8tica casual. Es tracta d&#8217;un sof\u00e0 vers\u00e0til i polivalent, que ha estat dissenyat especialment per a garantir la m\u00e0xima comoditat gr\u00e0cies als seus profunds seients de 64 cm [&hellip;]<\/p>\n","protected":false},"author":1,"featured_media":0,"parent":0,"menu_order":0,"comment_status":"closed","ping_status":"closed","template":"","meta":{"footnotes":""},"class_list":["post-64020","page","type-page","status-publish","hentry"],"aioseo_notices":[],"_links":{"self":[{"href":"https:\/\/www.mirsa.es\/ca\/wp-json\/wp\/v2\/pages\/64020","targetHints":{"allow":["GET"]}}],"collection":[{"href":"https:\/\/www.mirsa.es\/ca\/wp-json\/wp\/v2\/pages"}],"about":[{"href":"https:\/\/www.mirsa.es\/ca\/wp-json\/wp\/v2\/types\/page"}],"author":[{"embeddable":true,"href":"https:\/\/www.mirsa.es\/ca\/wp-json\/wp\/v2\/users\/1"}],"replies":[{"embeddable":true,"href":"https:\/\/www.mirsa.es\/ca\/wp-json\/wp\/v2\/comments?post=64020"}],"version-history":[{"count":0,"href":"https:\/\/www.mirsa.es\/ca\/wp-json\/wp\/v2\/pages\/64020\/revisions"}],"wp:attachment":[{"href":"https:\/\/www.mirsa.es\/ca\/wp-json\/wp\/v2\/media?parent=64020"}],"curies":[{"name":"wp","href":"https:\/\/api.w.org\/{rel}","templated":true}]}}

<div class="wpb-content-wrapper"><p>[vc_row][vc_column][vc_column_text]</p>
<p><img decoding="async" class="wp-image-1077 size-large aligncenter" title="Sofa Kasse Moradillo" src="/wp-content/uploads/2022/05/sofa_kasse_moradillo.jpg" alt="Sofa Kasse Moradillo" width="100%" height="400"/></p>
<h2 style="font-size: 16px; text-align: left;"><strong>Kasse de la reconeguda firma Moradillo és un elegant i confortable sofà de disseny contemporani que es caracteritza per les seves línies informals i la seva estètica casual.</strong></h2>
<p style="font-size: 16px; text-align: left;">Es tracta d&#8217;un sofà versàtil i polivalent, que ha estat dissenyat especialment per a garantir la màxima comoditat gràcies als seus profunds seients de 64 cm de fons.</p>
<p style="font-size: 16px; text-align: left;">Gràcies a la seva innovadora estructura modular, el sofà Kasse permet múltiples opcions de configuració i personalització, adaptant-se amb facilitat a qualsevol espai de la zona de dia.</p>
<p style="font-size: 16px; text-align: left;">El sofisticat farciment dels seients, resultat de la combinació d&#8217;escumes de gran qualitat i de diferents densitats, afavorint els moments de relax i descans.</p>
<p style="font-size: 16px; text-align: left;">Com la resta de productes Moradillo, la col·lecció Kasse està disponible en una àmplia gamma de teixits i d&#8217;acabats, oferint solucions personalitzades en funció de l&#8217;espai on s&#8217;instal·li.</p>
<p style="font-size: 16px; text-align: left;">A MIRSA interiorisme &#038; mobiliari som distribuïdors oficials Moradillo. Per a més informació, visiti el nostre Showroom o contacti amb nosaltres.</p>
<p>[/vc_column_text][vc_row_inner][vc_column_inner]<style type="text/css">#bklyn_btn_69f2ded71fd20 .bklyn-btn { color:#ffffff !important; background-color:black !important; }</style><div id="bklyn_btn_69f2ded71fd20" class="bklyn-btn-holder  bklyn-btn-center bklyn-btn-tablet-center bklyn-btn-mobile-center"><a title="Contacto"   href="/contacto" target="_self" class="bklyn-btn  bklyn-btn-icon-left bklyn-btn-normal" ><i class="fa fa-envelope"></i><span class="ut-btn-text">Més informació</span></a></div>[/vc_column_inner][/vc_row_inner][vc_row_inner][vc_column_inner width=&#8221;1/2&#8243;]<div  class="wpb_content_element   clearfix"><style type="text/css">#ut_am_69f2ded71ffe9 { opacity: 1; }#ut_am_wrap_69f2ded71ffea { text-align: center; }@media (min-width: 768px) and (max-width: 1024px) { #ut_am_wrap_69f2ded71ffea { text-align: center !important; } }@media (max-width: 767px) { #ut_am_wrap_69f2ded71ffea { text-align: center !important; } }</style><div id="ut_am_wrap_69f2ded71ffea" class="ut-image-gallery-image "><div id="ut_reveal_69f2ded71ffeb"  data-appear-top-offset="auto" class="ut-animated-image-item ut-image-gallery-item ut-animation-done "><a class="ut-deactivated-link" href="#"><div class="ut-animated-image-zoom">
        <div class="ut-element-glitch-wrap">

            
        <style type="text/css">

                        
        @media (min-width: 1025px) {

        #ut-element-glitch-69f2ded72000b641235677-64012 .ut-glitch-single-element {
                                            
                }
        }

        @media (min-width: 768px) and (max-width: 1024px) {

        #ut-element-glitch-69f2ded72000b641235677-64012 .ut-glitch-single-element {
                                                
                    }
        }

        @media (max-width: 767px) {

        #ut-element-glitch-69f2ded72000b641235677-64012 .ut-glitch-single-element {
                                                
                    }
        }

        
        </style>

        
            <div id="ut-element-glitch-69f2ded72000b641235677-64012" class=" ut-element-glitch ut-glitch-none ut-element-glitch-permanent">
                <div class="ut-glitch-single-element ut-lozad skip-lazy" data-background-image="https://www.mirsa.es/wp-content/uploads/2022/05/sofa_kasse_moradillo_01.jpg"></div>
                <div class="ut-glitch-single-element ut-lozad skip-lazy" data-background-image="https://www.mirsa.es/wp-content/uploads/2022/05/sofa_kasse_moradillo_01.jpg"></div>
                <div class="ut-glitch-single-element ut-lozad skip-lazy" data-background-image="https://www.mirsa.es/wp-content/uploads/2022/05/sofa_kasse_moradillo_01.jpg"></div>
                <div class="ut-glitch-single-element ut-lozad skip-lazy" data-background-image="https://www.mirsa.es/wp-content/uploads/2022/05/sofa_kasse_moradillo_01.jpg"></div>
                <div class="ut-glitch-single-element ut-lozad skip-lazy" data-background-image="https://www.mirsa.es/wp-content/uploads/2022/05/sofa_kasse_moradillo_01.jpg"></div>
            </div>

        </div>

        <img loading="lazy" decoding="async" class="ut-lazy skip-lazy ut-animated-image "  id="ut_am_69f2ded71ffe9" src="data:image/svg+xml;charset=utf-8,%3Csvg xmlns%3D'http%3A%2F%2Fwww.w3.org%2F2000%2Fsvg' viewBox%3D'0 0 600 324'%2F%3E" data-src="https://www.mirsa.es/wp-content/uploads/2022/05/sofa_kasse_moradillo_01.jpg" width="600" height="324" alt=""/></div></a></div></div></div>[/vc_column_inner][vc_column_inner width=&#8221;1/2&#8243;]<div  class="wpb_content_element   clearfix"><style type="text/css">#ut_am_69f2ded72028e { opacity: 1; }#ut_am_wrap_69f2ded72028f { text-align: center; }@media (min-width: 768px) and (max-width: 1024px) { #ut_am_wrap_69f2ded72028f { text-align: center !important; } }@media (max-width: 767px) { #ut_am_wrap_69f2ded72028f { text-align: center !important; } }</style><div id="ut_am_wrap_69f2ded72028f" class="ut-image-gallery-image "><div id="ut_reveal_69f2ded720290"  data-appear-top-offset="auto" class="ut-animated-image-item ut-image-gallery-item ut-animation-done "><a class="ut-deactivated-link" href="#"><div class="ut-animated-image-zoom">
        <div class="ut-element-glitch-wrap">

            
        <style type="text/css">

                        
        @media (min-width: 1025px) {

        #ut-element-glitch-69f2ded7202a5287804333-64015 .ut-glitch-single-element {
                                            
                }
        }

        @media (min-width: 768px) and (max-width: 1024px) {

        #ut-element-glitch-69f2ded7202a5287804333-64015 .ut-glitch-single-element {
                                                
                    }
        }

        @media (max-width: 767px) {

        #ut-element-glitch-69f2ded7202a5287804333-64015 .ut-glitch-single-element {
                                                
                    }
        }

        
        </style>

        
            <div id="ut-element-glitch-69f2ded7202a5287804333-64015" class=" ut-element-glitch ut-glitch-none ut-element-glitch-permanent">
                <div class="ut-glitch-single-element ut-lozad skip-lazy" data-background-image="https://www.mirsa.es/wp-content/uploads/2022/05/sofa_kasse_moradillo_02.jpg"></div>
                <div class="ut-glitch-single-element ut-lozad skip-lazy" data-background-image="https://www.mirsa.es/wp-content/uploads/2022/05/sofa_kasse_moradillo_02.jpg"></div>
                <div class="ut-glitch-single-element ut-lozad skip-lazy" data-background-image="https://www.mirsa.es/wp-content/uploads/2022/05/sofa_kasse_moradillo_02.jpg"></div>
                <div class="ut-glitch-single-element ut-lozad skip-lazy" data-background-image="https://www.mirsa.es/wp-content/uploads/2022/05/sofa_kasse_moradillo_02.jpg"></div>
                <div class="ut-glitch-single-element ut-lozad skip-lazy" data-background-image="https://www.mirsa.es/wp-content/uploads/2022/05/sofa_kasse_moradillo_02.jpg"></div>
            </div>

        </div>

        <img loading="lazy" decoding="async" class="ut-lazy skip-lazy ut-animated-image "  id="ut_am_69f2ded72028e" src="data:image/svg+xml;charset=utf-8,%3Csvg xmlns%3D'http%3A%2F%2Fwww.w3.org%2F2000%2Fsvg' viewBox%3D'0 0 600 324'%2F%3E" data-src="https://www.mirsa.es/wp-content/uploads/2022/05/sofa_kasse_moradillo_02.jpg" width="600" height="324" alt=""/></div></a></div></div></div>[/vc_column_inner][/vc_row_inner][/vc_column][/vc_row]</p>
</div>

<p>[vc_row][vc_column][vc_column_text] Kasse de la reconeguda firma Moradillo és un elegant i confortable sofà de disseny contemporani que es caracteritza per les seves línies informals i la seva estètica casual. Es tracta d&#8217;un sofà versàtil i polivalent, que ha estat dissenyat especialment per a garantir la màxima comoditat gràcies als seus profunds seients de 64 cm [&hellip;]</p>
