{"id":62707,"date":"2022-03-02T10:18:54","date_gmt":"2022-03-02T10:18:54","guid":{"rendered":"https:\/\/www.mirsa.es\/?page_id=62707"},"modified":"2022-03-02T10:19:04","modified_gmt":"2022-03-02T10:19:04","slug":"sofa-volo-pianca","status":"publish","type":"page","link":"https:\/\/www.mirsa.es\/ca\/sofa-volo-pianca\/","title":{"rendered":"Sofa Volo Pianca"},"content":{"rendered":"<div class=\"wpb-content-wrapper\"><p>[vc_row][vc_column][vc_column_text]<\/p>\n<p><img decoding=\"async\" class=\"wp-image-1077 size-large aligncenter\" title=\"Sofa Volo Pianca\" src=\"\/wp-content\/uploads\/2022\/03\/sofa_volo_pianca.jpg\" alt=\"Sofa Volo Pianca\" width=\"100%\" height=\"400\"\/><\/p>\n<h2 style=\"font-size: 16px; text-align: left;\"><strong>Volo de la reconeguda firma italiana PIANCA es un exclusiu sof\u00e0 que es caracteriza pel seu disseny de l\u00ednies essencials i elegants.<\/strong><\/h2>\n<p style=\"font-size: 16px; text-align: left;\">El seu disseny modular i les l\u00ednies pures i refinades rebelen una espectacular estructura d\u2019est\u00e8tica minimalista que destaca pels seus volums equilibrats i proporcionats.<\/p>\n<p style=\"font-size: 16px; text-align: left;\">La col\u00b7lecci\u00f3, d\u2019aparen\u00e7a esvelta i femenina, transmet una lleugeresa cautivadora, potenciada per les seves potes primes i disponibles en una amplia gamma d\u2019acabats.<\/p>\n<p style=\"font-size: 16px; text-align: left;\">Els grans volums dels coixins i dels seients fan de Volo un sof\u00e0 confortable i acollidor que garanteix sempre la m\u00e1xima comoditat.<\/p>\n<p style=\"font-size: 16px; text-align: left;\">El sofa permet m\u00faltiples opcions de coniguraci\u00f3 i personalitzaci\u00f3, adapt\u00e1nt-se amb facilitat a qualsevol mena d\u2019espai.<\/p>\n<p style=\"font-size: 16px; text-align: left;\">A MIRSA interiorisme &#038; mobiliari som distribuidors oficials PIANCA. Per a m\u00e9s informaci\u00f3, visiti el nostre Showroom o contacti amb nosaltres.  <\/p>\n<p>[\/vc_column_text][vc_row_inner][vc_column_inner]<style type=\"text\/css\">#bklyn_btn_69f5203e41ef5 .bklyn-btn { color:#ffffff !important; background-color:black !important; }<\/style><div id=\"bklyn_btn_69f5203e41ef5\" class=\"bklyn-btn-holder  bklyn-btn-center bklyn-btn-tablet-center bklyn-btn-mobile-center\"><a title=\"Contacto\"   href=\"\/contacto\" target=\"_self\" class=\"bklyn-btn  bklyn-btn-icon-left bklyn-btn-normal\" ><i class=\"fa fa-envelope\"><\/i><span class=\"ut-btn-text\">M\u00e9s informaci\u00f3<\/span><\/a><\/div>[\/vc_column_inner][\/vc_row_inner][\/vc_column][\/vc_row]<\/p>\n<\/div>","protected":false},"excerpt":{"rendered":"<p>[vc_row][vc_column][vc_column_text] Volo de la reconeguda firma italiana PIANCA es un exclusiu sof\u00e0 que es caracteriza pel seu disseny de l\u00ednies essencials i elegants. El seu disseny modular i les l\u00ednies pures i refinades rebelen una espectacular estructura d\u2019est\u00e8tica minimalista que destaca pels seus volums equilibrats i proporcionats. La col\u00b7lecci\u00f3, d\u2019aparen\u00e7a esvelta i femenina, transmet una [&hellip;]<\/p>\n","protected":false},"author":1,"featured_media":0,"parent":0,"menu_order":0,"comment_status":"closed","ping_status":"closed","template":"","meta":{"footnotes":""},"class_list":["post-62707","page","type-page","status-publish","hentry"],"aioseo_notices":[],"_links":{"self":[{"href":"https:\/\/www.mirsa.es\/ca\/wp-json\/wp\/v2\/pages\/62707","targetHints":{"allow":["GET"]}}],"collection":[{"href":"https:\/\/www.mirsa.es\/ca\/wp-json\/wp\/v2\/pages"}],"about":[{"href":"https:\/\/www.mirsa.es\/ca\/wp-json\/wp\/v2\/types\/page"}],"author":[{"embeddable":true,"href":"https:\/\/www.mirsa.es\/ca\/wp-json\/wp\/v2\/users\/1"}],"replies":[{"embeddable":true,"href":"https:\/\/www.mirsa.es\/ca\/wp-json\/wp\/v2\/comments?post=62707"}],"version-history":[{"count":0,"href":"https:\/\/www.mirsa.es\/ca\/wp-json\/wp\/v2\/pages\/62707\/revisions"}],"wp:attachment":[{"href":"https:\/\/www.mirsa.es\/ca\/wp-json\/wp\/v2\/media?parent=62707"}],"curies":[{"name":"wp","href":"https:\/\/api.w.org\/{rel}","templated":true}]}}

<div class="wpb-content-wrapper"><p>[vc_row][vc_column][vc_column_text]</p>
<p><img decoding="async" class="wp-image-1077 size-large aligncenter" title="Sofa Volo Pianca" src="/wp-content/uploads/2022/03/sofa_volo_pianca.jpg" alt="Sofa Volo Pianca" width="100%" height="400"/></p>
<h2 style="font-size: 16px; text-align: left;"><strong>Volo de la reconeguda firma italiana PIANCA es un exclusiu sofà que es caracteriza pel seu disseny de línies essencials i elegants.</strong></h2>
<p style="font-size: 16px; text-align: left;">El seu disseny modular i les línies pures i refinades rebelen una espectacular estructura d’estètica minimalista que destaca pels seus volums equilibrats i proporcionats.</p>
<p style="font-size: 16px; text-align: left;">La col·lecció, d’aparença esvelta i femenina, transmet una lleugeresa cautivadora, potenciada per les seves potes primes i disponibles en una amplia gamma d’acabats.</p>
<p style="font-size: 16px; text-align: left;">Els grans volums dels coixins i dels seients fan de Volo un sofà confortable i acollidor que garanteix sempre la máxima comoditat.</p>
<p style="font-size: 16px; text-align: left;">El sofa permet múltiples opcions de coniguració i personalització, adaptánt-se amb facilitat a qualsevol mena d’espai.</p>
<p style="font-size: 16px; text-align: left;">A MIRSA interiorisme &#038; mobiliari som distribuidors oficials PIANCA. Per a més informació, visiti el nostre Showroom o contacti amb nosaltres.  </p>
<p>[/vc_column_text][vc_row_inner][vc_column_inner]<style type="text/css">#bklyn_btn_69f5203e41ef5 .bklyn-btn { color:#ffffff !important; background-color:black !important; }</style><div id="bklyn_btn_69f5203e41ef5" class="bklyn-btn-holder  bklyn-btn-center bklyn-btn-tablet-center bklyn-btn-mobile-center"><a title="Contacto"   href="/contacto" target="_self" class="bklyn-btn  bklyn-btn-icon-left bklyn-btn-normal" ><i class="fa fa-envelope"></i><span class="ut-btn-text">Més informació</span></a></div>[/vc_column_inner][/vc_row_inner][/vc_column][/vc_row]</p>
</div>

<p>[vc_row][vc_column][vc_column_text] Volo de la reconeguda firma italiana PIANCA es un exclusiu sofà que es caracteriza pel seu disseny de línies essencials i elegants. El seu disseny modular i les línies pures i refinades rebelen una espectacular estructura d’estètica minimalista que destaca pels seus volums equilibrats i proporcionats. La col·lecció, d’aparença esvelta i femenina, transmet una [&hellip;]</p>
