{"id":62681,"date":"2022-02-26T11:41:17","date_gmt":"2022-02-26T11:41:17","guid":{"rendered":"https:\/\/www.mirsa.es\/?page_id=62681"},"modified":"2022-02-26T11:42:16","modified_gmt":"2022-02-26T11:42:16","slug":"sofa-asolo-pianca","status":"publish","type":"page","link":"https:\/\/www.mirsa.es\/ca\/sofa-asolo-pianca\/","title":{"rendered":"Sofa Asolo Pianca"},"content":{"rendered":"<div class=\"wpb-content-wrapper\"><p>[vc_row][vc_column][vc_column_text]<\/p>\n<p><img decoding=\"async\" class=\"wp-image-1077 size-large aligncenter\" title=\"Sofa Asolo Pianca\" src=\"\/wp-content\/uploads\/2022\/02\/sofa_asolo_pianca.jpg\" alt=\"Sofa Asolo Pianca\" width=\"100%\" height=\"400\"\/><\/p>\n<h2 style=\"font-size: 16px; text-align: left;\"><strong>Asolo de la reconocida firma italiana PIANCA, es un refinado y sofisticado sof\u00e1 modular de estilo contempor\u00e1neo patentado por el prestigioso dise\u00f1ador Emili Nanni.<\/strong><\/h2>\n<p style=\"font-size: 16px; text-align: left;\">La base y los reposabrazos convergen en una geometr\u00eda de l\u00edneas ligeras y esbeltas que aportan equilibrio y armon\u00eda al conjunto.<\/p>\n<p style=\"font-size: 16px; text-align: left;\">La tapicer\u00eda destaca por su elegante costura en la parte lateral del reposabrazos, que se mimetiza con el espectacular perfi met\u00e1lico de la base. <\/p>\n<p style=\"font-size: 16px; text-align: left;\">Los asientos incorporan un avanzado mecanismo que se desliza hacia adelante, permitiendo configurar la posici\u00f3n optima para cada situaci\u00f3n. <\/p>\n<p style=\"font-size: 16px; text-align: left;\">Como el resto de colecciones PIANCA, el sof\u00e1 Eden est\u00e1 disponible en una amplia gama de medidas y acabados, ofreciendo soluciones adaptadas y a medida para cualquier tipo de proyecto.<\/p>\n<p style=\"font-size: 16px; text-align: left;\">El sof\u00e1 Asolo est\u00e1 disponible en una amplia gama de medidas y acabados, adapat\u00e1ndose con facilidad a cualquier espacio y permitiendo as\u00ed m\u00faltiples opciones de configuraci\u00f3n y personalizaci\u00f3n.<\/p>\n<p style=\"font-size: 16px; text-align: left;\">En MIRSA interiorismo &#038; mobiliario somos distribuidores oficiales PIANCA. Para m\u00e1s informaci\u00f3n, visite nuestro Showroom o contacte con nosotros.<\/p>\n<p>[\/vc_column_text][vc_row_inner][vc_column_inner]<style type=\"text\/css\">#bklyn_btn_69f4b69232414 .bklyn-btn { color:#ffffff !important; background-color:black !important; }<\/style><div id=\"bklyn_btn_69f4b69232414\" class=\"bklyn-btn-holder  bklyn-btn-center bklyn-btn-tablet-center bklyn-btn-mobile-center\"><a title=\"Contacto\"   href=\"\/contacto\" target=\"_self\" class=\"bklyn-btn  bklyn-btn-icon-left bklyn-btn-normal\" ><i class=\"fa fa-envelope\"><\/i><span class=\"ut-btn-text\">M\u00e1s informaci\u00f3n<\/span><\/a><\/div>[\/vc_column_inner][\/vc_row_inner][\/vc_column][\/vc_row]<\/p>\n<\/div>","protected":false},"excerpt":{"rendered":"<p>[vc_row][vc_column][vc_column_text] Asolo de la reconocida firma italiana PIANCA, es un refinado y sofisticado sof\u00e1 modular de estilo contempor\u00e1neo patentado por el prestigioso dise\u00f1ador Emili Nanni. La base y los reposabrazos convergen en una geometr\u00eda de l\u00edneas ligeras y esbeltas que aportan equilibrio y armon\u00eda al conjunto. La tapicer\u00eda destaca por su elegante costura en la [&hellip;]<\/p>\n","protected":false},"author":1,"featured_media":0,"parent":0,"menu_order":0,"comment_status":"closed","ping_status":"closed","template":"","meta":{"footnotes":""},"class_list":["post-62681","page","type-page","status-publish","hentry"],"aioseo_notices":[],"_links":{"self":[{"href":"https:\/\/www.mirsa.es\/ca\/wp-json\/wp\/v2\/pages\/62681","targetHints":{"allow":["GET"]}}],"collection":[{"href":"https:\/\/www.mirsa.es\/ca\/wp-json\/wp\/v2\/pages"}],"about":[{"href":"https:\/\/www.mirsa.es\/ca\/wp-json\/wp\/v2\/types\/page"}],"author":[{"embeddable":true,"href":"https:\/\/www.mirsa.es\/ca\/wp-json\/wp\/v2\/users\/1"}],"replies":[{"embeddable":true,"href":"https:\/\/www.mirsa.es\/ca\/wp-json\/wp\/v2\/comments?post=62681"}],"version-history":[{"count":0,"href":"https:\/\/www.mirsa.es\/ca\/wp-json\/wp\/v2\/pages\/62681\/revisions"}],"wp:attachment":[{"href":"https:\/\/www.mirsa.es\/ca\/wp-json\/wp\/v2\/media?parent=62681"}],"curies":[{"name":"wp","href":"https:\/\/api.w.org\/{rel}","templated":true}]}}

<div class="wpb-content-wrapper"><p>[vc_row][vc_column][vc_column_text]</p>
<p><img decoding="async" class="wp-image-1077 size-large aligncenter" title="Sofa Asolo Pianca" src="/wp-content/uploads/2022/02/sofa_asolo_pianca.jpg" alt="Sofa Asolo Pianca" width="100%" height="400"/></p>
<h2 style="font-size: 16px; text-align: left;"><strong>Asolo de la reconocida firma italiana PIANCA, es un refinado y sofisticado sofá modular de estilo contemporáneo patentado por el prestigioso diseñador Emili Nanni.</strong></h2>
<p style="font-size: 16px; text-align: left;">La base y los reposabrazos convergen en una geometría de líneas ligeras y esbeltas que aportan equilibrio y armonía al conjunto.</p>
<p style="font-size: 16px; text-align: left;">La tapicería destaca por su elegante costura en la parte lateral del reposabrazos, que se mimetiza con el espectacular perfi metálico de la base. </p>
<p style="font-size: 16px; text-align: left;">Los asientos incorporan un avanzado mecanismo que se desliza hacia adelante, permitiendo configurar la posición optima para cada situación. </p>
<p style="font-size: 16px; text-align: left;">Como el resto de colecciones PIANCA, el sofá Eden está disponible en una amplia gama de medidas y acabados, ofreciendo soluciones adaptadas y a medida para cualquier tipo de proyecto.</p>
<p style="font-size: 16px; text-align: left;">El sofá Asolo está disponible en una amplia gama de medidas y acabados, adapatándose con facilidad a cualquier espacio y permitiendo así múltiples opciones de configuración y personalización.</p>
<p style="font-size: 16px; text-align: left;">En MIRSA interiorismo &#038; mobiliario somos distribuidores oficiales PIANCA. Para más información, visite nuestro Showroom o contacte con nosotros.</p>
<p>[/vc_column_text][vc_row_inner][vc_column_inner]<style type="text/css">#bklyn_btn_69f4b69232414 .bklyn-btn { color:#ffffff !important; background-color:black !important; }</style><div id="bklyn_btn_69f4b69232414" class="bklyn-btn-holder  bklyn-btn-center bklyn-btn-tablet-center bklyn-btn-mobile-center"><a title="Contacto"   href="/contacto" target="_self" class="bklyn-btn  bklyn-btn-icon-left bklyn-btn-normal" ><i class="fa fa-envelope"></i><span class="ut-btn-text">Más información</span></a></div>[/vc_column_inner][/vc_row_inner][/vc_column][/vc_row]</p>
</div>

<p>[vc_row][vc_column][vc_column_text] Asolo de la reconocida firma italiana PIANCA, es un refinado y sofisticado sofá modular de estilo contemporáneo patentado por el prestigioso diseñador Emili Nanni. La base y los reposabrazos convergen en una geometría de líneas ligeras y esbeltas que aportan equilibrio y armonía al conjunto. La tapicería destaca por su elegante costura en la [&hellip;]</p>
