{"id":51680,"date":"2018-01-31T11:02:35","date_gmt":"2018-01-31T10:02:35","guid":{"rendered":"http:\/\/www.mirsa.es.mialias.net\/sofa-bay-bb-italia\/"},"modified":"2021-02-26T15:14:00","modified_gmt":"2021-02-26T15:14:00","slug":"sofa-bay-bb-italia","status":"publish","type":"page","link":"https:\/\/www.mirsa.es\/ca\/sofa-bay-bb-italia\/","title":{"rendered":"Sofa Bay B&#038;B Italia"},"content":{"rendered":"<div class=\"wpb-content-wrapper\"><p>[vc_row][vc_column][vc_column_text]<\/p>\n<p><img decoding=\"async\" class=\"wp-image-1077 size-large aligncenter\" title=\"Sofa Bay B&#038;B Italia\" src=\"\/wp-content\/uploads\/2020\/08\/sofa_bay_bb_italia.jpg\" alt=\"Sofa Bay B&#038;B Italia\" width=\"100%\" height=\"400\" \/><\/p>\n<h2 style=\"font-size: 16px; text-align: left;\"><strong>Bay de B&#038;B Italia \u00e9s un espectacular sof\u00e0 trenat per a exterior que es caracteritza per la seva est\u00e8tica monol\u00edtica i contundent.<\/strong><\/h2>\n<p style=\"font-size: 16px; text-align: left;\">Els seus acollidors volums trenats es combinen amb confortables seients entapissats, transmitent eleg\u00e0ncia i distinci\u00f3.<\/p>\n<p style=\"font-size: 16px; text-align: left;\">Patentat pels prestigiosos dissenyadors Nipa Doshi y Jonathan Levien, es tracta d\u2019una de les novetats m\u00e9s importants de la firma per a la seva col\u00b7lecci\u00f3 outdoor 2018.<\/p>\n<p style=\"font-size: 16px; text-align: left;\">A MIRSA interiorisme &#038; mobiliari som distribu\u00efdors oficials B&#038;B Italia. Per a m\u00e9s informaci\u00f3, visiti el nostre Showroom o contacti amb nosaltres.<\/p>\n<p>[\/vc_column_text][vc_row_inner][vc_column_inner]<style type=\"text\/css\">#bklyn_btn_69f58e06a62e8 .bklyn-btn { color:#ffffff !important; background-color:black !important; }<\/style><div id=\"bklyn_btn_69f58e06a62e8\" class=\"bklyn-btn-holder  bklyn-btn-center bklyn-btn-tablet-center bklyn-btn-mobile-center\"><a title=\"Contacto\"   href=\"\/contacto\" target=\"_self\" class=\"bklyn-btn  bklyn-btn-icon-left bklyn-btn-normal\" ><i class=\"fa fa-envelope\"><\/i><span class=\"ut-btn-text\">M\u00e9s informaci\u00f3<\/span><\/a><\/div>[\/vc_column_inner][\/vc_row_inner][\/vc_column][\/vc_row]<\/p>\n<\/div>","protected":false},"excerpt":{"rendered":"<p>[vc_row][vc_column][vc_column_text] Bay de B&#038;B Italia \u00e9s un espectacular sof\u00e0 trenat per a exterior que es caracteritza per la seva est\u00e8tica monol\u00edtica i contundent. Els seus acollidors volums trenats es combinen amb confortables seients entapissats, transmitent eleg\u00e0ncia i distinci\u00f3. Patentat pels prestigiosos dissenyadors Nipa Doshi y Jonathan Levien, es tracta d\u2019una de les novetats m\u00e9s importants [&hellip;]<\/p>\n","protected":false},"author":1,"featured_media":0,"parent":0,"menu_order":0,"comment_status":"closed","ping_status":"closed","template":"","meta":{"footnotes":""},"class_list":["post-51680","page","type-page","status-publish","hentry"],"aioseo_notices":[],"_links":{"self":[{"href":"https:\/\/www.mirsa.es\/ca\/wp-json\/wp\/v2\/pages\/51680","targetHints":{"allow":["GET"]}}],"collection":[{"href":"https:\/\/www.mirsa.es\/ca\/wp-json\/wp\/v2\/pages"}],"about":[{"href":"https:\/\/www.mirsa.es\/ca\/wp-json\/wp\/v2\/types\/page"}],"author":[{"embeddable":true,"href":"https:\/\/www.mirsa.es\/ca\/wp-json\/wp\/v2\/users\/1"}],"replies":[{"embeddable":true,"href":"https:\/\/www.mirsa.es\/ca\/wp-json\/wp\/v2\/comments?post=51680"}],"version-history":[{"count":0,"href":"https:\/\/www.mirsa.es\/ca\/wp-json\/wp\/v2\/pages\/51680\/revisions"}],"wp:attachment":[{"href":"https:\/\/www.mirsa.es\/ca\/wp-json\/wp\/v2\/media?parent=51680"}],"curies":[{"name":"wp","href":"https:\/\/api.w.org\/{rel}","templated":true}]}}

<div class="wpb-content-wrapper"><p>[vc_row][vc_column][vc_column_text]</p>
<p><img decoding="async" class="wp-image-1077 size-large aligncenter" title="Sofa Bay B&#038;B Italia" src="/wp-content/uploads/2020/08/sofa_bay_bb_italia.jpg" alt="Sofa Bay B&#038;B Italia" width="100%" height="400" /></p>
<h2 style="font-size: 16px; text-align: left;"><strong>Bay de B&#038;B Italia és un espectacular sofà trenat per a exterior que es caracteritza per la seva estètica monolítica i contundent.</strong></h2>
<p style="font-size: 16px; text-align: left;">Els seus acollidors volums trenats es combinen amb confortables seients entapissats, transmitent elegància i distinció.</p>
<p style="font-size: 16px; text-align: left;">Patentat pels prestigiosos dissenyadors Nipa Doshi y Jonathan Levien, es tracta d’una de les novetats més importants de la firma per a la seva col·lecció outdoor 2018.</p>
<p style="font-size: 16px; text-align: left;">A MIRSA interiorisme &#038; mobiliari som distribuïdors oficials B&#038;B Italia. Per a més informació, visiti el nostre Showroom o contacti amb nosaltres.</p>
<p>[/vc_column_text][vc_row_inner][vc_column_inner]<style type="text/css">#bklyn_btn_69f58e06a62e8 .bklyn-btn { color:#ffffff !important; background-color:black !important; }</style><div id="bklyn_btn_69f58e06a62e8" class="bklyn-btn-holder  bklyn-btn-center bklyn-btn-tablet-center bklyn-btn-mobile-center"><a title="Contacto"   href="/contacto" target="_self" class="bklyn-btn  bklyn-btn-icon-left bklyn-btn-normal" ><i class="fa fa-envelope"></i><span class="ut-btn-text">Més informació</span></a></div>[/vc_column_inner][/vc_row_inner][/vc_column][/vc_row]</p>
</div>

<p>[vc_row][vc_column][vc_column_text] Bay de B&#038;B Italia és un espectacular sofà trenat per a exterior que es caracteritza per la seva estètica monolítica i contundent. Els seus acollidors volums trenats es combinen amb confortables seients entapissats, transmitent elegància i distinció. Patentat pels prestigiosos dissenyadors Nipa Doshi y Jonathan Levien, es tracta d’una de les novetats més importants [&hellip;]</p>
