{"id":51471,"date":"2017-02-22T20:01:46","date_gmt":"2017-02-22T19:01:46","guid":{"rendered":"http:\/\/www.mirsa.es.mialias.net\/sillon-chama-lago\/"},"modified":"2021-02-24T12:22:51","modified_gmt":"2021-02-24T12:22:51","slug":"sillon-chama-lago","status":"publish","type":"page","link":"https:\/\/www.mirsa.es\/ca\/sillon-chama-lago\/","title":{"rendered":"Butaca Chama Lago"},"content":{"rendered":"<div class=\"wpb-content-wrapper\"><p>[vc_row][vc_column][vc_column_text]<\/p>\n<p><img decoding=\"async\" class=\"wp-image-1077 size-large aligncenter\" title=\"Butaca Chama Lago\" src=\"\/wp-content\/uploads\/2021\/02\/butaca_chama_lago_portada.jpg\" alt=\"Butaca Chama Lago\" width=\"100%\" height=\"400\"\/><\/p>\n<h2 style=\"font-size: 16px; text-align: left;\"><strong>La butaca Chama de Lago es caracteritza per ser una pe\u00e7a lleugera i innovadora ideada per a disfrutar al m\u00e0xim dels moments de descans.<br \/>\n<\/strong><\/h2>\n<p style=\"font-size: 16px; text-align: left;\">La seva peculiar forma la converteix en una de les peces m\u00e9s polivalents i vers\u00e0tils del mercat, ja que la butaca pot convertir-se en q\u00fcesti\u00f3 de segons en un c\u00f2mode llit fut\u00f3n o en una confortable chaise longe arran de terra.<\/p>\n<p style=\"font-size: 16px; text-align: left;\">El prestigi\u00f3s dissenyador Mi Jin Park s\u2019inspira en els tradicionals futons japonesos per a donar forma a aquesta espectacular col\u00b7lecci\u00f3.<\/p>\n<p style=\"font-size: 16px; text-align: left;\">A MIRSA interiorisme &#038; mobiliari som distribu\u00efdors oficials LAGO. Per a m\u00e9s informaci\u00f3, visiti el nostre Showroom o contacti amb nosaltres<\/p>\n<p>[\/vc_column_text][vc_row_inner][vc_column_inner]<style type=\"text\/css\">#bklyn_btn_69f3d1ce4311e .bklyn-btn { color:#ffffff !important; background-color:black !important; }<\/style><div id=\"bklyn_btn_69f3d1ce4311e\" class=\"bklyn-btn-holder  bklyn-btn-center bklyn-btn-tablet-center bklyn-btn-mobile-center\"><a title=\"Contacto\"   href=\"\/contacto\" target=\"_self\" class=\"bklyn-btn  bklyn-btn-icon-left bklyn-btn-normal\" ><i class=\"fa fa-envelope\"><\/i><span class=\"ut-btn-text\">M\u00e9s informaci\u00f3<\/span><\/a><\/div>[\/vc_column_inner][\/vc_row_inner][\/vc_column][\/vc_row]<\/p>\n<\/div>","protected":false},"excerpt":{"rendered":"<p>[vc_row][vc_column][vc_column_text] La butaca Chama de Lago es caracteritza per ser una pe\u00e7a lleugera i innovadora ideada per a disfrutar al m\u00e0xim dels moments de descans. La seva peculiar forma la converteix en una de les peces m\u00e9s polivalents i vers\u00e0tils del mercat, ja que la butaca pot convertir-se en q\u00fcesti\u00f3 de segons en un c\u00f2mode [&hellip;]<\/p>\n","protected":false},"author":1,"featured_media":0,"parent":0,"menu_order":0,"comment_status":"closed","ping_status":"closed","template":"","meta":{"footnotes":""},"class_list":["post-51471","page","type-page","status-publish","hentry"],"aioseo_notices":[],"_links":{"self":[{"href":"https:\/\/www.mirsa.es\/ca\/wp-json\/wp\/v2\/pages\/51471","targetHints":{"allow":["GET"]}}],"collection":[{"href":"https:\/\/www.mirsa.es\/ca\/wp-json\/wp\/v2\/pages"}],"about":[{"href":"https:\/\/www.mirsa.es\/ca\/wp-json\/wp\/v2\/types\/page"}],"author":[{"embeddable":true,"href":"https:\/\/www.mirsa.es\/ca\/wp-json\/wp\/v2\/users\/1"}],"replies":[{"embeddable":true,"href":"https:\/\/www.mirsa.es\/ca\/wp-json\/wp\/v2\/comments?post=51471"}],"version-history":[{"count":0,"href":"https:\/\/www.mirsa.es\/ca\/wp-json\/wp\/v2\/pages\/51471\/revisions"}],"wp:attachment":[{"href":"https:\/\/www.mirsa.es\/ca\/wp-json\/wp\/v2\/media?parent=51471"}],"curies":[{"name":"wp","href":"https:\/\/api.w.org\/{rel}","templated":true}]}}

<div class="wpb-content-wrapper"><p>[vc_row][vc_column][vc_column_text]</p>
<p><img decoding="async" class="wp-image-1077 size-large aligncenter" title="Butaca Chama Lago" src="/wp-content/uploads/2021/02/butaca_chama_lago_portada.jpg" alt="Butaca Chama Lago" width="100%" height="400"/></p>
<h2 style="font-size: 16px; text-align: left;"><strong>La butaca Chama de Lago es caracteritza per ser una peça lleugera i innovadora ideada per a disfrutar al màxim dels moments de descans.<br />
</strong></h2>
<p style="font-size: 16px; text-align: left;">La seva peculiar forma la converteix en una de les peces més polivalents i versàtils del mercat, ja que la butaca pot convertir-se en qüestió de segons en un còmode llit futón o en una confortable chaise longe arran de terra.</p>
<p style="font-size: 16px; text-align: left;">El prestigiós dissenyador Mi Jin Park s’inspira en els tradicionals futons japonesos per a donar forma a aquesta espectacular col·lecció.</p>
<p style="font-size: 16px; text-align: left;">A MIRSA interiorisme &#038; mobiliari som distribuïdors oficials LAGO. Per a més informació, visiti el nostre Showroom o contacti amb nosaltres</p>
<p>[/vc_column_text][vc_row_inner][vc_column_inner]<style type="text/css">#bklyn_btn_69f3d1ce4311e .bklyn-btn { color:#ffffff !important; background-color:black !important; }</style><div id="bklyn_btn_69f3d1ce4311e" class="bklyn-btn-holder  bklyn-btn-center bklyn-btn-tablet-center bklyn-btn-mobile-center"><a title="Contacto"   href="/contacto" target="_self" class="bklyn-btn  bklyn-btn-icon-left bklyn-btn-normal" ><i class="fa fa-envelope"></i><span class="ut-btn-text">Més informació</span></a></div>[/vc_column_inner][/vc_row_inner][/vc_column][/vc_row]</p>
</div>

<p>[vc_row][vc_column][vc_column_text] La butaca Chama de Lago es caracteritza per ser una peça lleugera i innovadora ideada per a disfrutar al màxim dels moments de descans. La seva peculiar forma la converteix en una de les peces més polivalents i versàtils del mercat, ja que la butaca pot convertir-se en qüestió de segons en un còmode [&hellip;]</p>
