{"id":51432,"date":"2017-11-09T13:23:09","date_gmt":"2017-11-09T12:23:09","guid":{"rendered":"http:\/\/www.mirsa.es.mialias.net\/silla-vol-au-vent-bb-italia\/"},"modified":"2021-02-24T10:01:20","modified_gmt":"2021-02-24T10:01:20","slug":"silla-vol-au-vent-bb-italia","status":"publish","type":"page","link":"https:\/\/www.mirsa.es\/ca\/silla-vol-au-vent-bb-italia\/","title":{"rendered":"Cadira Vol Au Vent B&#038;B Italia"},"content":{"rendered":"<div class=\"wpb-content-wrapper\"><p>[vc_row][vc_column][vc_column_text]<\/p>\n<p><img decoding=\"async\" class=\"wp-image-1077 size-large aligncenter\" title=\"Cadira Vol Au Vent B&#038;B Italia\" src=\"\/wp-content\/uploads\/2020\/07\/silla_vol_au_vent_bb_italia.jpg\" alt=\"Cadira Vol Au Vent B&#038;B Italia\" width=\"100%\" height=\"400\"\/><\/p>\n<h2 style=\"font-size: 16px; text-align: left;\"><strong>La cadira Vol Au Vent de B&#038;B Italia est\u00e0 disponible en pell o en teixit i es caracteritza pel seu aspecte elegant i uniforme.<\/strong><\/h2>\n<p style=\"font-size: 16px; text-align: left;\">Es tracta d\u2019una pe\u00e7a vers\u00e0til i polivalent, disponible en una \u00e0mplia gamma de colors i acabats. Vol Au Vent encaixa a la perfecci\u00f3 en qualsevol ambient, gr\u00e0cies a la seva capacitat per combinar-se tant en cadires modernes com en d\u2019altres d\u2019estil m\u00e9s tradicional.<\/p>\n<p style=\"font-size: 16px; text-align: left;\">Patentada pel reconegut Mario Bellini al 2001, \u00e9s una de les col\u00b7leccions m\u00e9s representatives de B&#038;B Italia, admirada per interioristes d\u2019arreu del m\u00f3n.<\/p>\n<p style=\"font-size: 16px; text-align: left;\">A MIRSA interiorisme &#038; mobiliari som distribu\u00efdors oficials B&#038;B ITalia. Per a m\u00e9s informaci\u00f3, visiti el nostre Showroom o contacti amb nosaltres<\/p>\n<p>[\/vc_column_text][vc_row_inner][vc_column_inner]<style type=\"text\/css\">#bklyn_btn_69f3cfe62bfaf .bklyn-btn { color:#ffffff !important; background-color:black !important; }<\/style><div id=\"bklyn_btn_69f3cfe62bfaf\" class=\"bklyn-btn-holder  bklyn-btn-center bklyn-btn-tablet-center bklyn-btn-mobile-center\"><a title=\"Contacto\"   href=\"\/contacto\" target=\"_self\" class=\"bklyn-btn  bklyn-btn-icon-left bklyn-btn-normal\" ><i class=\"fa fa-envelope\"><\/i><span class=\"ut-btn-text\">M\u00e9s informaci\u00f3<\/span><\/a><\/div>[\/vc_column_inner][\/vc_row_inner][\/vc_column][\/vc_row]<\/p>\n<\/div>","protected":false},"excerpt":{"rendered":"<p>[vc_row][vc_column][vc_column_text] La cadira Vol Au Vent de B&#038;B Italia est\u00e0 disponible en pell o en teixit i es caracteritza pel seu aspecte elegant i uniforme. Es tracta d\u2019una pe\u00e7a vers\u00e0til i polivalent, disponible en una \u00e0mplia gamma de colors i acabats. Vol Au Vent encaixa a la perfecci\u00f3 en qualsevol ambient, gr\u00e0cies a la seva [&hellip;]<\/p>\n","protected":false},"author":1,"featured_media":0,"parent":0,"menu_order":0,"comment_status":"closed","ping_status":"closed","template":"","meta":{"footnotes":""},"class_list":["post-51432","page","type-page","status-publish","hentry"],"aioseo_notices":[],"_links":{"self":[{"href":"https:\/\/www.mirsa.es\/ca\/wp-json\/wp\/v2\/pages\/51432","targetHints":{"allow":["GET"]}}],"collection":[{"href":"https:\/\/www.mirsa.es\/ca\/wp-json\/wp\/v2\/pages"}],"about":[{"href":"https:\/\/www.mirsa.es\/ca\/wp-json\/wp\/v2\/types\/page"}],"author":[{"embeddable":true,"href":"https:\/\/www.mirsa.es\/ca\/wp-json\/wp\/v2\/users\/1"}],"replies":[{"embeddable":true,"href":"https:\/\/www.mirsa.es\/ca\/wp-json\/wp\/v2\/comments?post=51432"}],"version-history":[{"count":0,"href":"https:\/\/www.mirsa.es\/ca\/wp-json\/wp\/v2\/pages\/51432\/revisions"}],"wp:attachment":[{"href":"https:\/\/www.mirsa.es\/ca\/wp-json\/wp\/v2\/media?parent=51432"}],"curies":[{"name":"wp","href":"https:\/\/api.w.org\/{rel}","templated":true}]}}

<div class="wpb-content-wrapper"><p>[vc_row][vc_column][vc_column_text]</p>
<p><img decoding="async" class="wp-image-1077 size-large aligncenter" title="Cadira Vol Au Vent B&#038;B Italia" src="/wp-content/uploads/2020/07/silla_vol_au_vent_bb_italia.jpg" alt="Cadira Vol Au Vent B&#038;B Italia" width="100%" height="400"/></p>
<h2 style="font-size: 16px; text-align: left;"><strong>La cadira Vol Au Vent de B&#038;B Italia està disponible en pell o en teixit i es caracteritza pel seu aspecte elegant i uniforme.</strong></h2>
<p style="font-size: 16px; text-align: left;">Es tracta d’una peça versàtil i polivalent, disponible en una àmplia gamma de colors i acabats. Vol Au Vent encaixa a la perfecció en qualsevol ambient, gràcies a la seva capacitat per combinar-se tant en cadires modernes com en d’altres d’estil més tradicional.</p>
<p style="font-size: 16px; text-align: left;">Patentada pel reconegut Mario Bellini al 2001, és una de les col·leccions més representatives de B&#038;B Italia, admirada per interioristes d’arreu del món.</p>
<p style="font-size: 16px; text-align: left;">A MIRSA interiorisme &#038; mobiliari som distribuïdors oficials B&#038;B ITalia. Per a més informació, visiti el nostre Showroom o contacti amb nosaltres</p>
<p>[/vc_column_text][vc_row_inner][vc_column_inner]<style type="text/css">#bklyn_btn_69f3cfe62bfaf .bklyn-btn { color:#ffffff !important; background-color:black !important; }</style><div id="bklyn_btn_69f3cfe62bfaf" class="bklyn-btn-holder  bklyn-btn-center bklyn-btn-tablet-center bklyn-btn-mobile-center"><a title="Contacto"   href="/contacto" target="_self" class="bklyn-btn  bklyn-btn-icon-left bklyn-btn-normal" ><i class="fa fa-envelope"></i><span class="ut-btn-text">Més informació</span></a></div>[/vc_column_inner][/vc_row_inner][/vc_column][/vc_row]</p>
</div>

<p>[vc_row][vc_column][vc_column_text] La cadira Vol Au Vent de B&#038;B Italia està disponible en pell o en teixit i es caracteritza pel seu aspecte elegant i uniforme. Es tracta d’una peça versàtil i polivalent, disponible en una àmplia gamma de colors i acabats. Vol Au Vent encaixa a la perfecció en qualsevol ambient, gràcies a la seva [&hellip;]</p>
