{"id":51321,"date":"2017-05-06T19:04:14","date_gmt":"2017-05-06T17:04:14","guid":{"rendered":"http:\/\/www.mirsa.es.mialias.net\/silla-piuma-kartell\/"},"modified":"2021-02-20T08:56:05","modified_gmt":"2021-02-20T08:56:05","slug":"silla-piuma-kartell","status":"publish","type":"page","link":"https:\/\/www.mirsa.es\/ca\/silla-piuma-kartell\/","title":{"rendered":"Cadira Piuma Kartell"},"content":{"rendered":"<div class=\"wpb-content-wrapper\"><p>[vc_row][vc_column][vc_column_text]<\/p>\n<h5><img decoding=\"async\" class=\"wp-image-1077 size-large aligncenter\" title=\"Cadira Piuma Kartell\" src=\"\/wp-content\/uploads\/2021\/02\/silla_piuma_kartell_portada.jpg\" alt=\"Cadira Piuma Kartell\" width=\"100%\" height=\"400\" \/><\/h5>\n<p style=\"font-size: 16px; text-align: left;\"><strong>La cadira Piuma de la firma italiana Kartell representa una vertadera revoluci\u00f3 en el m\u00f3n de l\u2019interiorisme i el disseny.<\/strong><\/p>\n<p style=\"font-size: 16px; text-align: left;\">Piero Lissoni ens presenta una cadira vers\u00e0til i lleugera l\u2019objectiu principal de la qual \u00e9s garantir al m\u00e0xim la comoditat.<\/p>\n<p style=\"font-size: 16px; text-align: left;\">La col\u00b7lecci\u00f3 Piuma \u00e9s pionera en la utilitzaci\u00f3 de t\u00e8cniques de modelat per injecci\u00f3 que agilitza els processos de producci\u00f3 i permet la realitzaci\u00f3 d\u2019estructures sofisticades com la de Piuma. Kartell ha aconseguit una pe\u00e7a \u00fanica, d\u2019un gruix m\u00ednim que destaca pel seu pes extremadament redu\u00eft.<\/p>\n<p style=\"font-size: 16px; text-align: left;\">A MIRSA interiorisme &#038; mobiliari som distribu\u00efdors oficials Kartell, per a m\u00e9s informaci\u00f3 contacti amb nosaltres o visiti la nostra exposici\u00f3.<\/p>\n<p>[\/vc_column_text][vc_row_inner][vc_column_inner]<style type=\"text\/css\">#bklyn_btn_69f28548d376e .bklyn-btn { color:#ffffff !important; background-color:black !important; }<\/style><div id=\"bklyn_btn_69f28548d376e\" class=\"bklyn-btn-holder  bklyn-btn-center bklyn-btn-tablet-center bklyn-btn-mobile-center\"><a title=\"Contacto\"   href=\"\/contacto\" target=\"_self\" class=\"bklyn-btn  bklyn-btn-icon-left bklyn-btn-normal\" ><i class=\"fa fa-envelope\"><\/i><span class=\"ut-btn-text\">M\u00e9s informaci\u00f3<\/span><\/a><\/div>[\/vc_column_inner][\/vc_row_inner][\/vc_column][\/vc_row]<\/p>\n<\/div>","protected":false},"excerpt":{"rendered":"<p>[vc_row][vc_column][vc_column_text] La cadira Piuma de la firma italiana Kartell representa una vertadera revoluci\u00f3 en el m\u00f3n de l\u2019interiorisme i el disseny. Piero Lissoni ens presenta una cadira vers\u00e0til i lleugera l\u2019objectiu principal de la qual \u00e9s garantir al m\u00e0xim la comoditat. La col\u00b7lecci\u00f3 Piuma \u00e9s pionera en la utilitzaci\u00f3 de t\u00e8cniques de modelat per injecci\u00f3 [&hellip;]<\/p>\n","protected":false},"author":1,"featured_media":0,"parent":0,"menu_order":0,"comment_status":"closed","ping_status":"closed","template":"","meta":{"footnotes":""},"class_list":["post-51321","page","type-page","status-publish","hentry"],"aioseo_notices":[],"_links":{"self":[{"href":"https:\/\/www.mirsa.es\/ca\/wp-json\/wp\/v2\/pages\/51321","targetHints":{"allow":["GET"]}}],"collection":[{"href":"https:\/\/www.mirsa.es\/ca\/wp-json\/wp\/v2\/pages"}],"about":[{"href":"https:\/\/www.mirsa.es\/ca\/wp-json\/wp\/v2\/types\/page"}],"author":[{"embeddable":true,"href":"https:\/\/www.mirsa.es\/ca\/wp-json\/wp\/v2\/users\/1"}],"replies":[{"embeddable":true,"href":"https:\/\/www.mirsa.es\/ca\/wp-json\/wp\/v2\/comments?post=51321"}],"version-history":[{"count":0,"href":"https:\/\/www.mirsa.es\/ca\/wp-json\/wp\/v2\/pages\/51321\/revisions"}],"wp:attachment":[{"href":"https:\/\/www.mirsa.es\/ca\/wp-json\/wp\/v2\/media?parent=51321"}],"curies":[{"name":"wp","href":"https:\/\/api.w.org\/{rel}","templated":true}]}}

<div class="wpb-content-wrapper"><p>[vc_row][vc_column][vc_column_text]</p>
<h5><img decoding="async" class="wp-image-1077 size-large aligncenter" title="Cadira Piuma Kartell" src="/wp-content/uploads/2021/02/silla_piuma_kartell_portada.jpg" alt="Cadira Piuma Kartell" width="100%" height="400" /></h5>
<p style="font-size: 16px; text-align: left;"><strong>La cadira Piuma de la firma italiana Kartell representa una vertadera revolució en el món de l’interiorisme i el disseny.</strong></p>
<p style="font-size: 16px; text-align: left;">Piero Lissoni ens presenta una cadira versàtil i lleugera l’objectiu principal de la qual és garantir al màxim la comoditat.</p>
<p style="font-size: 16px; text-align: left;">La col·lecció Piuma és pionera en la utilització de tècniques de modelat per injecció que agilitza els processos de producció i permet la realització d’estructures sofisticades com la de Piuma. Kartell ha aconseguit una peça única, d’un gruix mínim que destaca pel seu pes extremadament reduït.</p>
<p style="font-size: 16px; text-align: left;">A MIRSA interiorisme &#038; mobiliari som distribuïdors oficials Kartell, per a més informació contacti amb nosaltres o visiti la nostra exposició.</p>
<p>[/vc_column_text][vc_row_inner][vc_column_inner]<style type="text/css">#bklyn_btn_69f28548d376e .bklyn-btn { color:#ffffff !important; background-color:black !important; }</style><div id="bklyn_btn_69f28548d376e" class="bklyn-btn-holder  bklyn-btn-center bklyn-btn-tablet-center bklyn-btn-mobile-center"><a title="Contacto"   href="/contacto" target="_self" class="bklyn-btn  bklyn-btn-icon-left bklyn-btn-normal" ><i class="fa fa-envelope"></i><span class="ut-btn-text">Més informació</span></a></div>[/vc_column_inner][/vc_row_inner][/vc_column][/vc_row]</p>
</div>

<p>[vc_row][vc_column][vc_column_text] La cadira Piuma de la firma italiana Kartell representa una vertadera revolució en el món de l’interiorisme i el disseny. Piero Lissoni ens presenta una cadira versàtil i lleugera l’objectiu principal de la qual és garantir al màxim la comoditat. La col·lecció Piuma és pionera en la utilització de tècniques de modelat per injecció [&hellip;]</p>
