{"id":51301,"date":"2018-11-03T09:57:07","date_gmt":"2018-11-03T08:57:07","guid":{"rendered":"http:\/\/www.mirsa.es.mialias.net\/silla-peplo-bb-italia\/"},"modified":"2021-02-19T17:52:06","modified_gmt":"2021-02-19T17:52:06","slug":"silla-peplo-bb-italia","status":"publish","type":"page","link":"https:\/\/www.mirsa.es\/ca\/silla-peplo-bb-italia\/","title":{"rendered":"Cadira Peplo B&#038;B Italia"},"content":{"rendered":"<div class=\"wpb-content-wrapper\"><p>[vc_row][vc_column][vc_column_text]<\/p>\n<h5><img decoding=\"async\" class=\"wp-image-1077 size-large aligncenter\" title=\"Cadira Peplo B&#038;B Italia\" src=\"\/wp-content\/uploads\/2021\/02\/silla_peplo_bb_italia.jpg\" alt=\"Cadira Peplo B&#038;B Italia\" width=\"100%\" height=\"400\" \/><\/h5>\n<p style=\"font-size: 16px; text-align: left;\"><strong>La cadira Peplo de B&#038;B Italia \u00e9s una espectacular pe\u00e7a d\u2019est\u00e8tica contempor\u00e0nia dissenyada al 2003 pel prestigi\u00f3s Antonio Citterio.<\/strong><\/p>\n<p style=\"font-size: 16px; text-align: left;\">Es tracta d\u2019una cadira elegant i refinada, que es complementa a la perfecci\u00f3 amb qualsevol de les taules de la col\u00b7lecci\u00f3 B&#038;B Italia.<\/p>\n<p style=\"font-size: 16px; text-align: left;\">Peplo destaca per la seva estructura confortable i ergon\u00f2mica, que garanteix la m\u00e0xima comoditat i transmet eleg\u00e0ncia i distinci\u00f3 a l\u2019espai.<\/p>\n<p style=\"font-size: 16px; text-align: left;\">A MIRSA interiorisme &#038; mobiliari som distribu\u00efdors oficials B&#038;B Italia. Per a m\u00e9s informaci\u00f3, visiti el nostre Showroom o contacti amb nosaltres.<\/p>\n<p>[\/vc_column_text][vc_row_inner][vc_column_inner]<style type=\"text\/css\">#bklyn_btn_69f3239180dd8 .bklyn-btn { color:#ffffff !important; background-color:black !important; }<\/style><div id=\"bklyn_btn_69f3239180dd8\" class=\"bklyn-btn-holder  bklyn-btn-center bklyn-btn-tablet-center bklyn-btn-mobile-center\"><a title=\"Contacto\"   href=\"\/contacto\" target=\"_self\" class=\"bklyn-btn  bklyn-btn-icon-left bklyn-btn-normal\" ><i class=\"fa fa-envelope\"><\/i><span class=\"ut-btn-text\">M\u00e9s informaci\u00f3<\/span><\/a><\/div>[\/vc_column_inner][\/vc_row_inner][\/vc_column][\/vc_row]<\/p>\n<\/div>","protected":false},"excerpt":{"rendered":"<p>[vc_row][vc_column][vc_column_text] La cadira Peplo de B&#038;B Italia \u00e9s una espectacular pe\u00e7a d\u2019est\u00e8tica contempor\u00e0nia dissenyada al 2003 pel prestigi\u00f3s Antonio Citterio. Es tracta d\u2019una cadira elegant i refinada, que es complementa a la perfecci\u00f3 amb qualsevol de les taules de la col\u00b7lecci\u00f3 B&#038;B Italia. Peplo destaca per la seva estructura confortable i ergon\u00f2mica, que garanteix la [&hellip;]<\/p>\n","protected":false},"author":1,"featured_media":0,"parent":0,"menu_order":0,"comment_status":"closed","ping_status":"closed","template":"","meta":{"footnotes":""},"class_list":["post-51301","page","type-page","status-publish","hentry"],"aioseo_notices":[],"_links":{"self":[{"href":"https:\/\/www.mirsa.es\/ca\/wp-json\/wp\/v2\/pages\/51301","targetHints":{"allow":["GET"]}}],"collection":[{"href":"https:\/\/www.mirsa.es\/ca\/wp-json\/wp\/v2\/pages"}],"about":[{"href":"https:\/\/www.mirsa.es\/ca\/wp-json\/wp\/v2\/types\/page"}],"author":[{"embeddable":true,"href":"https:\/\/www.mirsa.es\/ca\/wp-json\/wp\/v2\/users\/1"}],"replies":[{"embeddable":true,"href":"https:\/\/www.mirsa.es\/ca\/wp-json\/wp\/v2\/comments?post=51301"}],"version-history":[{"count":0,"href":"https:\/\/www.mirsa.es\/ca\/wp-json\/wp\/v2\/pages\/51301\/revisions"}],"wp:attachment":[{"href":"https:\/\/www.mirsa.es\/ca\/wp-json\/wp\/v2\/media?parent=51301"}],"curies":[{"name":"wp","href":"https:\/\/api.w.org\/{rel}","templated":true}]}}

<div class="wpb-content-wrapper"><p>[vc_row][vc_column][vc_column_text]</p>
<h5><img decoding="async" class="wp-image-1077 size-large aligncenter" title="Cadira Peplo B&#038;B Italia" src="/wp-content/uploads/2021/02/silla_peplo_bb_italia.jpg" alt="Cadira Peplo B&#038;B Italia" width="100%" height="400" /></h5>
<p style="font-size: 16px; text-align: left;"><strong>La cadira Peplo de B&#038;B Italia és una espectacular peça d’estètica contemporània dissenyada al 2003 pel prestigiós Antonio Citterio.</strong></p>
<p style="font-size: 16px; text-align: left;">Es tracta d’una cadira elegant i refinada, que es complementa a la perfecció amb qualsevol de les taules de la col·lecció B&#038;B Italia.</p>
<p style="font-size: 16px; text-align: left;">Peplo destaca per la seva estructura confortable i ergonòmica, que garanteix la màxima comoditat i transmet elegància i distinció a l’espai.</p>
<p style="font-size: 16px; text-align: left;">A MIRSA interiorisme &#038; mobiliari som distribuïdors oficials B&#038;B Italia. Per a més informació, visiti el nostre Showroom o contacti amb nosaltres.</p>
<p>[/vc_column_text][vc_row_inner][vc_column_inner]<style type="text/css">#bklyn_btn_69f3239180dd8 .bklyn-btn { color:#ffffff !important; background-color:black !important; }</style><div id="bklyn_btn_69f3239180dd8" class="bklyn-btn-holder  bklyn-btn-center bklyn-btn-tablet-center bklyn-btn-mobile-center"><a title="Contacto"   href="/contacto" target="_self" class="bklyn-btn  bklyn-btn-icon-left bklyn-btn-normal" ><i class="fa fa-envelope"></i><span class="ut-btn-text">Més informació</span></a></div>[/vc_column_inner][/vc_row_inner][/vc_column][/vc_row]</p>
</div>

<p>[vc_row][vc_column][vc_column_text] La cadira Peplo de B&#038;B Italia és una espectacular peça d’estètica contemporània dissenyada al 2003 pel prestigiós Antonio Citterio. Es tracta d’una cadira elegant i refinada, que es complementa a la perfecció amb qualsevol de les taules de la col·lecció B&#038;B Italia. Peplo destaca per la seva estructura confortable i ergonòmica, que garanteix la [&hellip;]</p>
