{"id":51222,"date":"2018-08-04T19:43:02","date_gmt":"2018-08-04T17:43:02","guid":{"rendered":"http:\/\/www.mirsa.es.mialias.net\/silla-joynt-lago\/"},"modified":"2021-02-19T10:14:25","modified_gmt":"2021-02-19T10:14:25","slug":"silla-joynt-lago","status":"publish","type":"page","link":"https:\/\/www.mirsa.es\/ca\/silla-joynt-lago\/","title":{"rendered":"Cadira Joynt Lago"},"content":{"rendered":"<div class=\"wpb-content-wrapper\"><p>[vc_row][vc_column][vc_column_text]<\/p>\n<h5><img decoding=\"async\" class=\"wp-image-1077 size-large aligncenter\" title=\"Cadira Joynt Lago\" src=\"\/wp-content\/uploads\/2020\/07\/silla_joynt_lago.jpg\" alt=\"Cadira Joynt Lago\" width=\"100%\" height=\"400\" \/><\/h5>\n<p style=\"font-size: 16px; text-align: left;\"><strong>La cadira Joynt de la firma italiana LAGO destaca per la seva eleg\u00e0ncia i versatilitat, que la converteixen en un recurs ideal per ambientar tot tipus d\u2019espais.<\/strong><\/p>\n<p style=\"font-size: 16px; text-align: left;\">Es tracta d\u2019una pe\u00e7a d\u2019est\u00e8tica contempor\u00e0nia, que ha estat dissenyada per a garantir la m\u00e0xima comoditat. La seva estructura ergon\u00f2mica permet flexionar el respatller endarrere per a un major confort.<\/p>\n<p style=\"font-size: 16px; text-align: left;\">La cadira va ser guardonada al 2014 amb el premi Menci\u00f3 d\u2019honor en el Compasso d\u2019Oro 2014, un dels reconeixements m\u00e9s prestigiosos dins del m\u00f3n del disseny.<\/p>\n<p style=\"font-size: 16px; text-align: left;\">A MIRSA interiorisme &#038; mobiliari som distribu\u00efdors oficials LAGO. Per a m\u00e9s informaci\u00f3, visiti el nostre Showroom o contacti amb nosaltres.<\/p>\n<p>[\/vc_column_text][vc_row_inner][vc_column_inner]<style type=\"text\/css\">#bklyn_btn_69f47695e9257 .bklyn-btn { color:#ffffff !important; background-color:black !important; }<\/style><div id=\"bklyn_btn_69f47695e9257\" class=\"bklyn-btn-holder  bklyn-btn-center bklyn-btn-tablet-center bklyn-btn-mobile-center\"><a title=\"Contacto\"   href=\"\/contacto\" target=\"_self\" class=\"bklyn-btn  bklyn-btn-icon-left bklyn-btn-normal\" ><i class=\"fa fa-envelope\"><\/i><span class=\"ut-btn-text\">M\u00e9s informaci\u00f3<\/span><\/a><\/div>[\/vc_column_inner][\/vc_row_inner][\/vc_column][\/vc_row]<\/p>\n<\/div>","protected":false},"excerpt":{"rendered":"<p>[vc_row][vc_column][vc_column_text] La cadira Joynt de la firma italiana LAGO destaca per la seva eleg\u00e0ncia i versatilitat, que la converteixen en un recurs ideal per ambientar tot tipus d\u2019espais. Es tracta d\u2019una pe\u00e7a d\u2019est\u00e8tica contempor\u00e0nia, que ha estat dissenyada per a garantir la m\u00e0xima comoditat. La seva estructura ergon\u00f2mica permet flexionar el respatller endarrere per a [&hellip;]<\/p>\n","protected":false},"author":1,"featured_media":0,"parent":0,"menu_order":0,"comment_status":"closed","ping_status":"closed","template":"","meta":{"footnotes":""},"class_list":["post-51222","page","type-page","status-publish","hentry"],"aioseo_notices":[],"_links":{"self":[{"href":"https:\/\/www.mirsa.es\/ca\/wp-json\/wp\/v2\/pages\/51222","targetHints":{"allow":["GET"]}}],"collection":[{"href":"https:\/\/www.mirsa.es\/ca\/wp-json\/wp\/v2\/pages"}],"about":[{"href":"https:\/\/www.mirsa.es\/ca\/wp-json\/wp\/v2\/types\/page"}],"author":[{"embeddable":true,"href":"https:\/\/www.mirsa.es\/ca\/wp-json\/wp\/v2\/users\/1"}],"replies":[{"embeddable":true,"href":"https:\/\/www.mirsa.es\/ca\/wp-json\/wp\/v2\/comments?post=51222"}],"version-history":[{"count":0,"href":"https:\/\/www.mirsa.es\/ca\/wp-json\/wp\/v2\/pages\/51222\/revisions"}],"wp:attachment":[{"href":"https:\/\/www.mirsa.es\/ca\/wp-json\/wp\/v2\/media?parent=51222"}],"curies":[{"name":"wp","href":"https:\/\/api.w.org\/{rel}","templated":true}]}}

<div class="wpb-content-wrapper"><p>[vc_row][vc_column][vc_column_text]</p>
<h5><img decoding="async" class="wp-image-1077 size-large aligncenter" title="Cadira Joynt Lago" src="/wp-content/uploads/2020/07/silla_joynt_lago.jpg" alt="Cadira Joynt Lago" width="100%" height="400" /></h5>
<p style="font-size: 16px; text-align: left;"><strong>La cadira Joynt de la firma italiana LAGO destaca per la seva elegància i versatilitat, que la converteixen en un recurs ideal per ambientar tot tipus d’espais.</strong></p>
<p style="font-size: 16px; text-align: left;">Es tracta d’una peça d’estètica contemporània, que ha estat dissenyada per a garantir la màxima comoditat. La seva estructura ergonòmica permet flexionar el respatller endarrere per a un major confort.</p>
<p style="font-size: 16px; text-align: left;">La cadira va ser guardonada al 2014 amb el premi Menció d’honor en el Compasso d’Oro 2014, un dels reconeixements més prestigiosos dins del món del disseny.</p>
<p style="font-size: 16px; text-align: left;">A MIRSA interiorisme &#038; mobiliari som distribuïdors oficials LAGO. Per a més informació, visiti el nostre Showroom o contacti amb nosaltres.</p>
<p>[/vc_column_text][vc_row_inner][vc_column_inner]<style type="text/css">#bklyn_btn_69f47695e9257 .bklyn-btn { color:#ffffff !important; background-color:black !important; }</style><div id="bklyn_btn_69f47695e9257" class="bklyn-btn-holder  bklyn-btn-center bklyn-btn-tablet-center bklyn-btn-mobile-center"><a title="Contacto"   href="/contacto" target="_self" class="bklyn-btn  bklyn-btn-icon-left bklyn-btn-normal" ><i class="fa fa-envelope"></i><span class="ut-btn-text">Més informació</span></a></div>[/vc_column_inner][/vc_row_inner][/vc_column][/vc_row]</p>
</div>

<p>[vc_row][vc_column][vc_column_text] La cadira Joynt de la firma italiana LAGO destaca per la seva elegància i versatilitat, que la converteixen en un recurs ideal per ambientar tot tipus d’espais. Es tracta d’una peça d’estètica contemporània, que ha estat dissenyada per a garantir la màxima comoditat. La seva estructura ergonòmica permet flexionar el respatller endarrere per a [&hellip;]</p>
