{"id":51159,"date":"2019-08-17T11:55:55","date_gmt":"2019-08-17T09:55:55","guid":{"rendered":"http:\/\/www.mirsa.es.mialias.net\/silla-eva-porada\/"},"modified":"2021-02-18T16:47:45","modified_gmt":"2021-02-18T16:47:45","slug":"silla-eva-porada","status":"publish","type":"page","link":"https:\/\/www.mirsa.es\/ca\/silla-eva-porada\/","title":{"rendered":"Cadira Eva Porada"},"content":{"rendered":"<div class=\"wpb-content-wrapper\"><p>[vc_row][vc_column][vc_column_text]<\/p>\n<h5><img decoding=\"async\" class=\"wp-image-1077 size-large aligncenter\" title=\"Cadira Eva Porada\" src=\"\/wp-content\/uploads\/2020\/07\/silla_eva_porada.jpg\" alt=\"Cadira Eva Porada\" width=\"100%\" height=\"400\" \/><\/h5>\n<p style=\"font-size: 16px; text-align: left;\"><strong>Eva de la prestigiosa firma italiana Porada \u00e9s una espectacular cadira d\u2019estil contemporani patentada pel prestigi\u00f3s dissenyador P. Salvad\u00e8.<\/strong><\/p>\n<p style=\"font-size: 16px; text-align: left;\">Es tracta d\u2019una exclusiva cadira amb respatller alt que destaca per la seva estructura en fusta massissa de noguera, que garanteix la m\u00e0xima comoditat.<\/p>\n<p style=\"font-size: 16px; text-align: left;\">La col\u00b7lecci\u00f3 est\u00e0 disponible en una \u00e0mplia gamma de colors i acabats, oferint solucions elegants i funcionals per a qualsevol tipus d\u2019espai.<\/p>\n<p style=\"font-size: 16px; text-align: left;\">A MIRSA interiorisme &#038; mobiliari som distribu\u00efdors oficials Porada. Per a m\u00e9s informaci\u00f3, visiti el nostre Showroom o contacti amb nosaltres.<\/p>\n<p>[\/vc_column_text][vc_row_inner][vc_column_inner]<style type=\"text\/css\">#bklyn_btn_69f3c7b788108 .bklyn-btn { color:#ffffff !important; background-color:black !important; }<\/style><div id=\"bklyn_btn_69f3c7b788108\" class=\"bklyn-btn-holder  bklyn-btn-center bklyn-btn-tablet-center bklyn-btn-mobile-center\"><a title=\"Contacto\"   href=\"\/contacto\" target=\"_self\" class=\"bklyn-btn  bklyn-btn-icon-left bklyn-btn-normal\" ><i class=\"fa fa-envelope\"><\/i><span class=\"ut-btn-text\">M\u00e9s informaci\u00f3<\/span><\/a><\/div>[\/vc_column_inner][\/vc_row_inner][\/vc_column][\/vc_row]<\/p>\n<\/div>","protected":false},"excerpt":{"rendered":"<p>[vc_row][vc_column][vc_column_text] Eva de la prestigiosa firma italiana Porada \u00e9s una espectacular cadira d\u2019estil contemporani patentada pel prestigi\u00f3s dissenyador P. Salvad\u00e8. Es tracta d\u2019una exclusiva cadira amb respatller alt que destaca per la seva estructura en fusta massissa de noguera, que garanteix la m\u00e0xima comoditat. La col\u00b7lecci\u00f3 est\u00e0 disponible en una \u00e0mplia gamma de colors i [&hellip;]<\/p>\n","protected":false},"author":1,"featured_media":0,"parent":0,"menu_order":0,"comment_status":"closed","ping_status":"closed","template":"","meta":{"footnotes":""},"class_list":["post-51159","page","type-page","status-publish","hentry"],"aioseo_notices":[],"_links":{"self":[{"href":"https:\/\/www.mirsa.es\/ca\/wp-json\/wp\/v2\/pages\/51159","targetHints":{"allow":["GET"]}}],"collection":[{"href":"https:\/\/www.mirsa.es\/ca\/wp-json\/wp\/v2\/pages"}],"about":[{"href":"https:\/\/www.mirsa.es\/ca\/wp-json\/wp\/v2\/types\/page"}],"author":[{"embeddable":true,"href":"https:\/\/www.mirsa.es\/ca\/wp-json\/wp\/v2\/users\/1"}],"replies":[{"embeddable":true,"href":"https:\/\/www.mirsa.es\/ca\/wp-json\/wp\/v2\/comments?post=51159"}],"version-history":[{"count":0,"href":"https:\/\/www.mirsa.es\/ca\/wp-json\/wp\/v2\/pages\/51159\/revisions"}],"wp:attachment":[{"href":"https:\/\/www.mirsa.es\/ca\/wp-json\/wp\/v2\/media?parent=51159"}],"curies":[{"name":"wp","href":"https:\/\/api.w.org\/{rel}","templated":true}]}}

<div class="wpb-content-wrapper"><p>[vc_row][vc_column][vc_column_text]</p>
<h5><img decoding="async" class="wp-image-1077 size-large aligncenter" title="Cadira Eva Porada" src="/wp-content/uploads/2020/07/silla_eva_porada.jpg" alt="Cadira Eva Porada" width="100%" height="400" /></h5>
<p style="font-size: 16px; text-align: left;"><strong>Eva de la prestigiosa firma italiana Porada és una espectacular cadira d’estil contemporani patentada pel prestigiós dissenyador P. Salvadè.</strong></p>
<p style="font-size: 16px; text-align: left;">Es tracta d’una exclusiva cadira amb respatller alt que destaca per la seva estructura en fusta massissa de noguera, que garanteix la màxima comoditat.</p>
<p style="font-size: 16px; text-align: left;">La col·lecció està disponible en una àmplia gamma de colors i acabats, oferint solucions elegants i funcionals per a qualsevol tipus d’espai.</p>
<p style="font-size: 16px; text-align: left;">A MIRSA interiorisme &#038; mobiliari som distribuïdors oficials Porada. Per a més informació, visiti el nostre Showroom o contacti amb nosaltres.</p>
<p>[/vc_column_text][vc_row_inner][vc_column_inner]<style type="text/css">#bklyn_btn_69f3c7b788108 .bklyn-btn { color:#ffffff !important; background-color:black !important; }</style><div id="bklyn_btn_69f3c7b788108" class="bklyn-btn-holder  bklyn-btn-center bklyn-btn-tablet-center bklyn-btn-mobile-center"><a title="Contacto"   href="/contacto" target="_self" class="bklyn-btn  bklyn-btn-icon-left bklyn-btn-normal" ><i class="fa fa-envelope"></i><span class="ut-btn-text">Més informació</span></a></div>[/vc_column_inner][/vc_row_inner][/vc_column][/vc_row]</p>
</div>

<p>[vc_row][vc_column][vc_column_text] Eva de la prestigiosa firma italiana Porada és una espectacular cadira d’estil contemporani patentada pel prestigiós dissenyador P. Salvadè. Es tracta d’una exclusiva cadira amb respatller alt que destaca per la seva estructura en fusta massissa de noguera, que garanteix la màxima comoditat. La col·lecció està disponible en una àmplia gamma de colors i [&hellip;]</p>
