{"id":51138,"date":"2018-05-09T12:44:07","date_gmt":"2018-05-09T10:44:07","guid":{"rendered":"http:\/\/www.mirsa.es.mialias.net\/silla-emma-porada\/"},"modified":"2021-02-18T12:44:11","modified_gmt":"2021-02-18T12:44:11","slug":"silla-emma-porada","status":"publish","type":"page","link":"https:\/\/www.mirsa.es\/ca\/silla-emma-porada\/","title":{"rendered":"Cadira Emma Porada"},"content":{"rendered":"<div class=\"wpb-content-wrapper\"><p>[vc_row][vc_column][vc_column_text]<\/p>\n<h5><img decoding=\"async\" class=\"wp-image-1077 size-large aligncenter\" title=\"Cadira Emma Porada\" src=\"\/wp-content\/uploads\/2020\/07\/silla_emma_porada.jpg\" alt=\"Cadira Emma Porada\" width=\"100%\" height=\"400\"\/><\/h5>\n<p style=\"font-size: 16px; text-align: left;\"><strong>La cadira Emma de la firma italiana Porada destaca per la seva elegant estructura en fusta massissa de noguera.<\/strong><\/p>\n<p style=\"font-size: 16px; text-align: left;\">Dissenyada pel reconegut P.Jouin, es tracta d\u2019una de les principals novetats de la marca per aquesta temporada. L\u2019estructura lleugerament envolvent del seu respatller i el seu confortable seient fan d\u2019Emma una pe\u00e7a ideal per a la zona de dia.<\/p>\n<p style=\"font-size: 16px; text-align: left;\">A MIRSA interiorisme &#038; mobiliari som distribu\u00efdors oficials Porada. Per a m\u00e9s informaci\u00f3, visiti el nostre Showroom o contacti amb nosaltres.<\/p>\n<p>[\/vc_column_text][vc_row_inner][vc_column_inner]<style type=\"text\/css\">#bklyn_btn_69f2c9c57e2b8 .bklyn-btn { color:#ffffff !important; background-color:black !important; }<\/style><div id=\"bklyn_btn_69f2c9c57e2b8\" class=\"bklyn-btn-holder  bklyn-btn-center bklyn-btn-tablet-center bklyn-btn-mobile-center\"><a title=\"Contacto\"   href=\"\/contacto\" target=\"_self\" class=\"bklyn-btn  bklyn-btn-icon-left bklyn-btn-normal\" ><i class=\"fa fa-envelope\"><\/i><span class=\"ut-btn-text\">M\u00e9s informaci\u00f3<\/span><\/a><\/div>[\/vc_column_inner][\/vc_row_inner][\/vc_column][\/vc_row]<\/p>\n<\/div>","protected":false},"excerpt":{"rendered":"<p>[vc_row][vc_column][vc_column_text] La cadira Emma de la firma italiana Porada destaca per la seva elegant estructura en fusta massissa de noguera. Dissenyada pel reconegut P.Jouin, es tracta d\u2019una de les principals novetats de la marca per aquesta temporada. L\u2019estructura lleugerament envolvent del seu respatller i el seu confortable seient fan d\u2019Emma una pe\u00e7a ideal per a [&hellip;]<\/p>\n","protected":false},"author":1,"featured_media":0,"parent":0,"menu_order":0,"comment_status":"closed","ping_status":"closed","template":"","meta":{"footnotes":""},"class_list":["post-51138","page","type-page","status-publish","hentry"],"aioseo_notices":[],"_links":{"self":[{"href":"https:\/\/www.mirsa.es\/ca\/wp-json\/wp\/v2\/pages\/51138","targetHints":{"allow":["GET"]}}],"collection":[{"href":"https:\/\/www.mirsa.es\/ca\/wp-json\/wp\/v2\/pages"}],"about":[{"href":"https:\/\/www.mirsa.es\/ca\/wp-json\/wp\/v2\/types\/page"}],"author":[{"embeddable":true,"href":"https:\/\/www.mirsa.es\/ca\/wp-json\/wp\/v2\/users\/1"}],"replies":[{"embeddable":true,"href":"https:\/\/www.mirsa.es\/ca\/wp-json\/wp\/v2\/comments?post=51138"}],"version-history":[{"count":0,"href":"https:\/\/www.mirsa.es\/ca\/wp-json\/wp\/v2\/pages\/51138\/revisions"}],"wp:attachment":[{"href":"https:\/\/www.mirsa.es\/ca\/wp-json\/wp\/v2\/media?parent=51138"}],"curies":[{"name":"wp","href":"https:\/\/api.w.org\/{rel}","templated":true}]}}

<div class="wpb-content-wrapper"><p>[vc_row][vc_column][vc_column_text]</p>
<h5><img decoding="async" class="wp-image-1077 size-large aligncenter" title="Cadira Emma Porada" src="/wp-content/uploads/2020/07/silla_emma_porada.jpg" alt="Cadira Emma Porada" width="100%" height="400"/></h5>
<p style="font-size: 16px; text-align: left;"><strong>La cadira Emma de la firma italiana Porada destaca per la seva elegant estructura en fusta massissa de noguera.</strong></p>
<p style="font-size: 16px; text-align: left;">Dissenyada pel reconegut P.Jouin, es tracta d’una de les principals novetats de la marca per aquesta temporada. L’estructura lleugerament envolvent del seu respatller i el seu confortable seient fan d’Emma una peça ideal per a la zona de dia.</p>
<p style="font-size: 16px; text-align: left;">A MIRSA interiorisme &#038; mobiliari som distribuïdors oficials Porada. Per a més informació, visiti el nostre Showroom o contacti amb nosaltres.</p>
<p>[/vc_column_text][vc_row_inner][vc_column_inner]<style type="text/css">#bklyn_btn_69f2c9c57e2b8 .bklyn-btn { color:#ffffff !important; background-color:black !important; }</style><div id="bklyn_btn_69f2c9c57e2b8" class="bklyn-btn-holder  bklyn-btn-center bklyn-btn-tablet-center bklyn-btn-mobile-center"><a title="Contacto"   href="/contacto" target="_self" class="bklyn-btn  bklyn-btn-icon-left bklyn-btn-normal" ><i class="fa fa-envelope"></i><span class="ut-btn-text">Més informació</span></a></div>[/vc_column_inner][/vc_row_inner][/vc_column][/vc_row]</p>
</div>

<p>[vc_row][vc_column][vc_column_text] La cadira Emma de la firma italiana Porada destaca per la seva elegant estructura en fusta massissa de noguera. Dissenyada pel reconegut P.Jouin, es tracta d’una de les principals novetats de la marca per aquesta temporada. L’estructura lleugerament envolvent del seu respatller i el seu confortable seient fan d’Emma una peça ideal per a [&hellip;]</p>
