{"id":51123,"date":"2018-11-02T12:48:49","date_gmt":"2018-11-02T11:48:49","guid":{"rendered":"http:\/\/www.mirsa.es.mialias.net\/silla-el-bb-italia\/"},"modified":"2021-02-18T11:22:11","modified_gmt":"2021-02-18T11:22:11","slug":"silla-el-bb-italia","status":"publish","type":"page","link":"https:\/\/www.mirsa.es\/ca\/silla-el-bb-italia\/","title":{"rendered":"Cadira El B&#038;B Italia"},"content":{"rendered":"<div class=\"wpb-content-wrapper\"><p>[vc_row][vc_column][vc_column_text]<\/p>\n<h5><img decoding=\"async\" class=\"wp-image-1077 size-large aligncenter\" title=\"Cadira El B&#038;B Italia\" src=\"\/wp-content\/uploads\/2020\/07\/el_bb_italia.jpg\" alt=\"Cadira El B&#038;B Italia\" width=\"100%\" height=\"400\" \/><\/h5>\n<p style=\"font-size: 16px; text-align: left;\"><strong>El de B&#038;B Italia \u00e9s una espectacular cadira de disseny contemporani patentada al 2009 pel prestigi\u00f3s Antonio Citterio.<\/strong><\/p>\n<p style=\"font-size: 16px; text-align: left;\">Es tracta d\u2019una pe\u00e7a elegant i sofisticada que es caracteritza per la seva geometria i suavitat. Una aut\u00e8ntica obra d\u2019ebenisteria que ha estat constru\u00efda amb les t\u00e8cniques de producci\u00f3 m\u00e9s innovadores.<\/p>\n<p style=\"font-size: 16px; text-align: left;\">Una elegant estructura entapissada recorre l\u2019estructura del respatller i el seient. La cadira es caracteritza per la seva lleugeresa i versatilitat, que garanteixen la m\u00e0xima comoditat.<\/p>\n<p style=\"font-size: 16px; text-align: left;\">A MIRSA interiorisme &#038; mobiliari som distribu\u00efdors oficials B&#038;B Italia. Per a m\u00e9s informaci\u00f3, visiti el nostre Showroom o contacti amb nosaltres.\n<\/p>\n<p>[\/vc_column_text][vc_row_inner][vc_column_inner]<style type=\"text\/css\">#bklyn_btn_69f2f580e3c15 .bklyn-btn { color:#ffffff !important; background-color:black !important; }<\/style><div id=\"bklyn_btn_69f2f580e3c15\" class=\"bklyn-btn-holder  bklyn-btn-center bklyn-btn-tablet-center bklyn-btn-mobile-center\"><a title=\"Contacto\"   href=\"\/contacto\" target=\"_self\" class=\"bklyn-btn  bklyn-btn-icon-left bklyn-btn-normal\" ><i class=\"fa fa-envelope\"><\/i><span class=\"ut-btn-text\">M\u00e9s informaci\u00f3<\/span><\/a><\/div>[\/vc_column_inner][\/vc_row_inner][\/vc_column][\/vc_row]<\/p>\n<\/div>","protected":false},"excerpt":{"rendered":"<p>[vc_row][vc_column][vc_column_text] El de B&#038;B Italia \u00e9s una espectacular cadira de disseny contemporani patentada al 2009 pel prestigi\u00f3s Antonio Citterio. Es tracta d\u2019una pe\u00e7a elegant i sofisticada que es caracteritza per la seva geometria i suavitat. Una aut\u00e8ntica obra d\u2019ebenisteria que ha estat constru\u00efda amb les t\u00e8cniques de producci\u00f3 m\u00e9s innovadores. Una elegant estructura entapissada recorre [&hellip;]<\/p>\n","protected":false},"author":1,"featured_media":0,"parent":0,"menu_order":0,"comment_status":"closed","ping_status":"closed","template":"","meta":{"footnotes":""},"class_list":["post-51123","page","type-page","status-publish","hentry"],"aioseo_notices":[],"_links":{"self":[{"href":"https:\/\/www.mirsa.es\/ca\/wp-json\/wp\/v2\/pages\/51123","targetHints":{"allow":["GET"]}}],"collection":[{"href":"https:\/\/www.mirsa.es\/ca\/wp-json\/wp\/v2\/pages"}],"about":[{"href":"https:\/\/www.mirsa.es\/ca\/wp-json\/wp\/v2\/types\/page"}],"author":[{"embeddable":true,"href":"https:\/\/www.mirsa.es\/ca\/wp-json\/wp\/v2\/users\/1"}],"replies":[{"embeddable":true,"href":"https:\/\/www.mirsa.es\/ca\/wp-json\/wp\/v2\/comments?post=51123"}],"version-history":[{"count":0,"href":"https:\/\/www.mirsa.es\/ca\/wp-json\/wp\/v2\/pages\/51123\/revisions"}],"wp:attachment":[{"href":"https:\/\/www.mirsa.es\/ca\/wp-json\/wp\/v2\/media?parent=51123"}],"curies":[{"name":"wp","href":"https:\/\/api.w.org\/{rel}","templated":true}]}}

<div class="wpb-content-wrapper"><p>[vc_row][vc_column][vc_column_text]</p>
<h5><img decoding="async" class="wp-image-1077 size-large aligncenter" title="Cadira El B&#038;B Italia" src="/wp-content/uploads/2020/07/el_bb_italia.jpg" alt="Cadira El B&#038;B Italia" width="100%" height="400" /></h5>
<p style="font-size: 16px; text-align: left;"><strong>El de B&#038;B Italia és una espectacular cadira de disseny contemporani patentada al 2009 pel prestigiós Antonio Citterio.</strong></p>
<p style="font-size: 16px; text-align: left;">Es tracta d’una peça elegant i sofisticada que es caracteritza per la seva geometria i suavitat. Una autèntica obra d’ebenisteria que ha estat construïda amb les tècniques de producció més innovadores.</p>
<p style="font-size: 16px; text-align: left;">Una elegant estructura entapissada recorre l’estructura del respatller i el seient. La cadira es caracteritza per la seva lleugeresa i versatilitat, que garanteixen la màxima comoditat.</p>
<p style="font-size: 16px; text-align: left;">A MIRSA interiorisme &#038; mobiliari som distribuïdors oficials B&#038;B Italia. Per a més informació, visiti el nostre Showroom o contacti amb nosaltres.
</p>
<p>[/vc_column_text][vc_row_inner][vc_column_inner]<style type="text/css">#bklyn_btn_69f2f580e3c15 .bklyn-btn { color:#ffffff !important; background-color:black !important; }</style><div id="bklyn_btn_69f2f580e3c15" class="bklyn-btn-holder  bklyn-btn-center bklyn-btn-tablet-center bklyn-btn-mobile-center"><a title="Contacto"   href="/contacto" target="_self" class="bklyn-btn  bklyn-btn-icon-left bklyn-btn-normal" ><i class="fa fa-envelope"></i><span class="ut-btn-text">Més informació</span></a></div>[/vc_column_inner][/vc_row_inner][/vc_column][/vc_row]</p>
</div>

<p>[vc_row][vc_column][vc_column_text] El de B&#038;B Italia és una espectacular cadira de disseny contemporani patentada al 2009 pel prestigiós Antonio Citterio. Es tracta d’una peça elegant i sofisticada que es caracteritza per la seva geometria i suavitat. Una autèntica obra d’ebenisteria que ha estat construïda amb les tècniques de producció més innovadores. Una elegant estructura entapissada recorre [&hellip;]</p>
