{"id":51074,"date":"2018-04-27T10:51:14","date_gmt":"2018-04-27T08:51:14","guid":{"rendered":"http:\/\/www.mirsa.es.mialias.net\/silla-cirql-dedon\/"},"modified":"2021-02-17T17:20:05","modified_gmt":"2021-02-17T17:20:05","slug":"silla-cirql-dedon","status":"publish","type":"page","link":"https:\/\/www.mirsa.es\/ca\/silla-cirql-dedon\/","title":{"rendered":"Cadira Cirql Dedon"},"content":{"rendered":"<div class=\"wpb-content-wrapper\"><p>[vc_row][vc_column][vc_column_text]<\/p>\n<h5><img decoding=\"async\" class=\"wp-image-1077 size-large aligncenter\" title=\"Cadira Cirql Dedon\" src=\"\/wp-content\/uploads\/2020\/08\/silla_cirql_dedon.jpg\" alt=\"Cadira Cirql Dedon\" width=\"100%\" height=\"400\" \/><\/h5>\n<p style=\"font-size: 16px; text-align: left;\"><strong>Cirql de DEDON \u00e9s la nova col\u00b7lecci\u00f3 d\u2019exterior dissenyada pel prestigi\u00f3s Wernee Aisslinger, que aporta m\u00e9s eleg\u00e0ncia i innovaci\u00f3 a l\u2019extens cat\u00e0leg de la firma.<\/strong><\/p>\n<p style=\"font-size: 16px; text-align: left;\">Basada en estructures arrodonides i alegres, aix\u00ed com en un sofisticat dibuix de teixits entrella\u00e7ats, la cadira es converteix en una pe\u00e7a confortable i de gran qualitat.<\/p>\n<p style=\"font-size: 16px; text-align: left;\">Elaborada amb l\u2019espectacular fibra DEDON, Cirql \u00e9s capa\u00e7 de suportar les condicions climatol\u00f2giques m\u00e9s adverses, garantint aix\u00ed una llarga vida \u00fatil del producte.<\/p>\n<p style=\"font-size: 16px; text-align: left;\">A MIRSA interiorisme &#038; mobiliari som distribu\u00efdors oficials DEDON. Per a m\u00e9s informaci\u00f3, visiti el nostre Showroom o contacti amb nosaltres.<\/p>\n<p>[\/vc_column_text][vc_row_inner][vc_column_inner]<style type=\"text\/css\">#bklyn_btn_69f2e455578c2 .bklyn-btn { color:#ffffff !important; background-color:black !important; }<\/style><div id=\"bklyn_btn_69f2e455578c2\" class=\"bklyn-btn-holder  bklyn-btn-center bklyn-btn-tablet-center bklyn-btn-mobile-center\"><a title=\"Contacto\"   href=\"\/contacto\" target=\"_self\" class=\"bklyn-btn  bklyn-btn-icon-left bklyn-btn-normal\" ><i class=\"fa fa-envelope\"><\/i><span class=\"ut-btn-text\">M\u00e9s informaci\u00f3<\/span><\/a><\/div>[\/vc_column_inner][\/vc_row_inner][\/vc_column][\/vc_row]<\/p>\n<\/div>","protected":false},"excerpt":{"rendered":"<p>[vc_row][vc_column][vc_column_text] Cirql de DEDON \u00e9s la nova col\u00b7lecci\u00f3 d\u2019exterior dissenyada pel prestigi\u00f3s Wernee Aisslinger, que aporta m\u00e9s eleg\u00e0ncia i innovaci\u00f3 a l\u2019extens cat\u00e0leg de la firma. Basada en estructures arrodonides i alegres, aix\u00ed com en un sofisticat dibuix de teixits entrella\u00e7ats, la cadira es converteix en una pe\u00e7a confortable i de gran qualitat. Elaborada amb [&hellip;]<\/p>\n","protected":false},"author":1,"featured_media":0,"parent":0,"menu_order":0,"comment_status":"closed","ping_status":"closed","template":"","meta":{"footnotes":""},"class_list":["post-51074","page","type-page","status-publish","hentry"],"aioseo_notices":[],"_links":{"self":[{"href":"https:\/\/www.mirsa.es\/ca\/wp-json\/wp\/v2\/pages\/51074","targetHints":{"allow":["GET"]}}],"collection":[{"href":"https:\/\/www.mirsa.es\/ca\/wp-json\/wp\/v2\/pages"}],"about":[{"href":"https:\/\/www.mirsa.es\/ca\/wp-json\/wp\/v2\/types\/page"}],"author":[{"embeddable":true,"href":"https:\/\/www.mirsa.es\/ca\/wp-json\/wp\/v2\/users\/1"}],"replies":[{"embeddable":true,"href":"https:\/\/www.mirsa.es\/ca\/wp-json\/wp\/v2\/comments?post=51074"}],"version-history":[{"count":0,"href":"https:\/\/www.mirsa.es\/ca\/wp-json\/wp\/v2\/pages\/51074\/revisions"}],"wp:attachment":[{"href":"https:\/\/www.mirsa.es\/ca\/wp-json\/wp\/v2\/media?parent=51074"}],"curies":[{"name":"wp","href":"https:\/\/api.w.org\/{rel}","templated":true}]}}

<div class="wpb-content-wrapper"><p>[vc_row][vc_column][vc_column_text]</p>
<h5><img decoding="async" class="wp-image-1077 size-large aligncenter" title="Cadira Cirql Dedon" src="/wp-content/uploads/2020/08/silla_cirql_dedon.jpg" alt="Cadira Cirql Dedon" width="100%" height="400" /></h5>
<p style="font-size: 16px; text-align: left;"><strong>Cirql de DEDON és la nova col·lecció d’exterior dissenyada pel prestigiós Wernee Aisslinger, que aporta més elegància i innovació a l’extens catàleg de la firma.</strong></p>
<p style="font-size: 16px; text-align: left;">Basada en estructures arrodonides i alegres, així com en un sofisticat dibuix de teixits entrellaçats, la cadira es converteix en una peça confortable i de gran qualitat.</p>
<p style="font-size: 16px; text-align: left;">Elaborada amb l’espectacular fibra DEDON, Cirql és capaç de suportar les condicions climatològiques més adverses, garantint així una llarga vida útil del producte.</p>
<p style="font-size: 16px; text-align: left;">A MIRSA interiorisme &#038; mobiliari som distribuïdors oficials DEDON. Per a més informació, visiti el nostre Showroom o contacti amb nosaltres.</p>
<p>[/vc_column_text][vc_row_inner][vc_column_inner]<style type="text/css">#bklyn_btn_69f2e455578c2 .bklyn-btn { color:#ffffff !important; background-color:black !important; }</style><div id="bklyn_btn_69f2e455578c2" class="bklyn-btn-holder  bklyn-btn-center bklyn-btn-tablet-center bklyn-btn-mobile-center"><a title="Contacto"   href="/contacto" target="_self" class="bklyn-btn  bklyn-btn-icon-left bklyn-btn-normal" ><i class="fa fa-envelope"></i><span class="ut-btn-text">Més informació</span></a></div>[/vc_column_inner][/vc_row_inner][/vc_column][/vc_row]</p>
</div>

<p>[vc_row][vc_column][vc_column_text] Cirql de DEDON és la nova col·lecció d’exterior dissenyada pel prestigiós Wernee Aisslinger, que aporta més elegància i innovació a l’extens catàleg de la firma. Basada en estructures arrodonides i alegres, així com en un sofisticat dibuix de teixits entrellaçats, la cadira es converteix en una peça confortable i de gran qualitat. Elaborada amb [&hellip;]</p>
