{"id":51044,"date":"2017-05-10T09:45:24","date_gmt":"2017-05-10T07:45:24","guid":{"rendered":"http:\/\/www.mirsa.es.mialias.net\/silla-caratos-maxalto\/"},"modified":"2021-02-17T15:36:48","modified_gmt":"2021-02-17T15:36:48","slug":"silla-caratos-maxalto","status":"publish","type":"page","link":"https:\/\/www.mirsa.es\/ca\/silla-caratos-maxalto\/","title":{"rendered":"Cadira Caratos Maxalto"},"content":{"rendered":"<div class=\"wpb-content-wrapper\"><p>[vc_row][vc_column][vc_column_text]<\/p>\n<h5><img decoding=\"async\" class=\"wp-image-1077 size-large aligncenter\" title=\"Cadira Caratos Maxalto\" src=\"\/wp-content\/uploads\/2020\/07\/silla_caratos_maxalto_portada.jpg\" alt=\"Cadira Caratos Maxalto\" width=\"100%\" height=\"400\"\/><\/h5>\n<p style=\"font-size: 16px; text-align: left;\"><strong>La cadira Caratos de Maxalto representa un abans i un despr\u00e9s en la traject\u00f2ria del reconegut Antonio Citterio.<\/strong><\/p>\n<p style=\"font-size: 16px; text-align: left;\">El dissenyador deixa de banda els processos artesanals per a oferir un producte modelat, totalment contemporani per\u00f2 sense perdre l\u2019ess\u00e8ncia cl\u00e0ssica pr\u00f2pia de l\u2019ADN de Maxalto.<\/p>\n<p style=\"font-size: 16px; text-align: left;\">Caratos \u00e9s una cadira distingida i elegant que encaixa a la perfecci\u00f3 en ambients tradicionals i selectes.<\/p>\n<p style=\"font-size: 16px; text-align: left;\">A MIRSA interiorisme &#038; mobiliari disposem d\u2019un extens cat\u00e0leg de col\u00b7leccions Maxalto. Per a m\u00e9s informaci\u00f3 visiti la nostra exposici\u00f3 o contacti amb nosaltres.<\/p>\n<p>[\/vc_column_text][vc_row_inner][vc_column_inner]<style type=\"text\/css\">#bklyn_btn_69f2def5c925d .bklyn-btn { color:#ffffff !important; background-color:black !important; }<\/style><div id=\"bklyn_btn_69f2def5c925d\" class=\"bklyn-btn-holder  bklyn-btn-center bklyn-btn-tablet-center bklyn-btn-mobile-center\"><a title=\"Contacto\"   href=\"\/contacto\" target=\"_self\" class=\"bklyn-btn  bklyn-btn-icon-left bklyn-btn-normal\" ><i class=\"fa fa-envelope\"><\/i><span class=\"ut-btn-text\">M\u00e9s informaci\u00f3<\/span><\/a><\/div>[\/vc_column_inner][\/vc_row_inner][\/vc_column][\/vc_row]<\/p>\n<\/div>","protected":false},"excerpt":{"rendered":"<p>[vc_row][vc_column][vc_column_text] La cadira Caratos de Maxalto representa un abans i un despr\u00e9s en la traject\u00f2ria del reconegut Antonio Citterio. El dissenyador deixa de banda els processos artesanals per a oferir un producte modelat, totalment contemporani per\u00f2 sense perdre l\u2019ess\u00e8ncia cl\u00e0ssica pr\u00f2pia de l\u2019ADN de Maxalto. Caratos \u00e9s una cadira distingida i elegant que encaixa a [&hellip;]<\/p>\n","protected":false},"author":1,"featured_media":0,"parent":0,"menu_order":0,"comment_status":"closed","ping_status":"closed","template":"","meta":{"footnotes":""},"class_list":["post-51044","page","type-page","status-publish","hentry"],"aioseo_notices":[],"_links":{"self":[{"href":"https:\/\/www.mirsa.es\/ca\/wp-json\/wp\/v2\/pages\/51044","targetHints":{"allow":["GET"]}}],"collection":[{"href":"https:\/\/www.mirsa.es\/ca\/wp-json\/wp\/v2\/pages"}],"about":[{"href":"https:\/\/www.mirsa.es\/ca\/wp-json\/wp\/v2\/types\/page"}],"author":[{"embeddable":true,"href":"https:\/\/www.mirsa.es\/ca\/wp-json\/wp\/v2\/users\/1"}],"replies":[{"embeddable":true,"href":"https:\/\/www.mirsa.es\/ca\/wp-json\/wp\/v2\/comments?post=51044"}],"version-history":[{"count":0,"href":"https:\/\/www.mirsa.es\/ca\/wp-json\/wp\/v2\/pages\/51044\/revisions"}],"wp:attachment":[{"href":"https:\/\/www.mirsa.es\/ca\/wp-json\/wp\/v2\/media?parent=51044"}],"curies":[{"name":"wp","href":"https:\/\/api.w.org\/{rel}","templated":true}]}}

<div class="wpb-content-wrapper"><p>[vc_row][vc_column][vc_column_text]</p>
<h5><img decoding="async" class="wp-image-1077 size-large aligncenter" title="Cadira Caratos Maxalto" src="/wp-content/uploads/2020/07/silla_caratos_maxalto_portada.jpg" alt="Cadira Caratos Maxalto" width="100%" height="400"/></h5>
<p style="font-size: 16px; text-align: left;"><strong>La cadira Caratos de Maxalto representa un abans i un després en la trajectòria del reconegut Antonio Citterio.</strong></p>
<p style="font-size: 16px; text-align: left;">El dissenyador deixa de banda els processos artesanals per a oferir un producte modelat, totalment contemporani però sense perdre l’essència clàssica pròpia de l’ADN de Maxalto.</p>
<p style="font-size: 16px; text-align: left;">Caratos és una cadira distingida i elegant que encaixa a la perfecció en ambients tradicionals i selectes.</p>
<p style="font-size: 16px; text-align: left;">A MIRSA interiorisme &#038; mobiliari disposem d’un extens catàleg de col·leccions Maxalto. Per a més informació visiti la nostra exposició o contacti amb nosaltres.</p>
<p>[/vc_column_text][vc_row_inner][vc_column_inner]<style type="text/css">#bklyn_btn_69f2def5c925d .bklyn-btn { color:#ffffff !important; background-color:black !important; }</style><div id="bklyn_btn_69f2def5c925d" class="bklyn-btn-holder  bklyn-btn-center bklyn-btn-tablet-center bklyn-btn-mobile-center"><a title="Contacto"   href="/contacto" target="_self" class="bklyn-btn  bklyn-btn-icon-left bklyn-btn-normal" ><i class="fa fa-envelope"></i><span class="ut-btn-text">Més informació</span></a></div>[/vc_column_inner][/vc_row_inner][/vc_column][/vc_row]</p>
</div>

<p>[vc_row][vc_column][vc_column_text] La cadira Caratos de Maxalto representa un abans i un després en la trajectòria del reconegut Antonio Citterio. El dissenyador deixa de banda els processos artesanals per a oferir un producte modelat, totalment contemporani però sense perdre l’essència clàssica pròpia de l’ADN de Maxalto. Caratos és una cadira distingida i elegant que encaixa a [&hellip;]</p>
