{"id":50994,"date":"2019-08-09T12:13:05","date_gmt":"2019-08-09T10:13:05","guid":{"rendered":"http:\/\/www.mirsa.es.mialias.net\/silla-arlekin-porada\/"},"modified":"2021-02-17T09:17:52","modified_gmt":"2021-02-17T09:17:52","slug":"silla-arlekin-porada","status":"publish","type":"page","link":"https:\/\/www.mirsa.es\/ca\/silla-arlekin-porada\/","title":{"rendered":"Cadira Arlekin Porada"},"content":{"rendered":"<div class=\"wpb-content-wrapper\"><p>[vc_row][vc_column][vc_column_text]<\/p>\n<h5><img decoding=\"async\" class=\"wp-image-1077 size-large aligncenter\" title=\"Cadira Arlekin Porada\" src=\"\/wp-content\/uploads\/2020\/07\/silla_arlekin_porada.jpg\" alt=\"Cadira Arlekin Porada\" width=\"100%\" height=\"400\" \/><\/h5>\n<p style=\"font-size: 16px; text-align: left;\"><strong>Arlekin de la prestigiosa firma italiana Porada \u00e9s una espectacular cadira d\u2019estil contemporani patentada pels reconeguts dissenyadors E. Gottien i GF Coltella.<\/strong><\/p>\n<p style=\"font-size: 16px; text-align: left;\">Es tracta d\u2019una pe\u00e7a elegant i confortable, que garanteix la m\u00e0xima comoditat gr\u00e0cies a la seva estructura ergon\u00f2mica en fusta massissa de noguera.<\/p>\n<p style=\"font-size: 16px; text-align: left;\">Gr\u00e0cies a la gran quantitat d\u2019acabats i entapissats dels que disposa, la col\u00b7lecci\u00f3 s\u2019adapta amb facilitat a qualsevol mena d\u2019espai.<\/p>\n<p style=\"font-size: 16px; text-align: left;\">A MIRSA interiorisme &#038; mobiliari som distribu\u00efdors oficials Porada. Per a m\u00e9s informaci\u00f3, visiti el nostre Showroom o contacti amb nosaltres.<\/p>\n<p>[\/vc_column_text][vc_row_inner][vc_column_inner]<style type=\"text\/css\">#bklyn_btn_69f5a233efe25 .bklyn-btn { color:#ffffff !important; background-color:black !important; }<\/style><div id=\"bklyn_btn_69f5a233efe25\" class=\"bklyn-btn-holder  bklyn-btn-center bklyn-btn-tablet-center bklyn-btn-mobile-center\"><a title=\"Contacto\"   href=\"\/contacto\" target=\"_self\" class=\"bklyn-btn  bklyn-btn-icon-left bklyn-btn-normal\" ><i class=\"fa fa-envelope\"><\/i><span class=\"ut-btn-text\">M\u00e9s informaci\u00f3<\/span><\/a><\/div>[\/vc_column_inner][\/vc_row_inner][\/vc_column][\/vc_row]<\/p>\n<\/div>","protected":false},"excerpt":{"rendered":"<p>[vc_row][vc_column][vc_column_text] Arlekin de la prestigiosa firma italiana Porada \u00e9s una espectacular cadira d\u2019estil contemporani patentada pels reconeguts dissenyadors E. Gottien i GF Coltella. Es tracta d\u2019una pe\u00e7a elegant i confortable, que garanteix la m\u00e0xima comoditat gr\u00e0cies a la seva estructura ergon\u00f2mica en fusta massissa de noguera. Gr\u00e0cies a la gran quantitat d\u2019acabats i entapissats dels [&hellip;]<\/p>\n","protected":false},"author":1,"featured_media":0,"parent":0,"menu_order":0,"comment_status":"closed","ping_status":"closed","template":"","meta":{"footnotes":""},"class_list":["post-50994","page","type-page","status-publish","hentry"],"aioseo_notices":[],"_links":{"self":[{"href":"https:\/\/www.mirsa.es\/ca\/wp-json\/wp\/v2\/pages\/50994","targetHints":{"allow":["GET"]}}],"collection":[{"href":"https:\/\/www.mirsa.es\/ca\/wp-json\/wp\/v2\/pages"}],"about":[{"href":"https:\/\/www.mirsa.es\/ca\/wp-json\/wp\/v2\/types\/page"}],"author":[{"embeddable":true,"href":"https:\/\/www.mirsa.es\/ca\/wp-json\/wp\/v2\/users\/1"}],"replies":[{"embeddable":true,"href":"https:\/\/www.mirsa.es\/ca\/wp-json\/wp\/v2\/comments?post=50994"}],"version-history":[{"count":0,"href":"https:\/\/www.mirsa.es\/ca\/wp-json\/wp\/v2\/pages\/50994\/revisions"}],"wp:attachment":[{"href":"https:\/\/www.mirsa.es\/ca\/wp-json\/wp\/v2\/media?parent=50994"}],"curies":[{"name":"wp","href":"https:\/\/api.w.org\/{rel}","templated":true}]}}

<div class="wpb-content-wrapper"><p>[vc_row][vc_column][vc_column_text]</p>
<h5><img decoding="async" class="wp-image-1077 size-large aligncenter" title="Cadira Arlekin Porada" src="/wp-content/uploads/2020/07/silla_arlekin_porada.jpg" alt="Cadira Arlekin Porada" width="100%" height="400" /></h5>
<p style="font-size: 16px; text-align: left;"><strong>Arlekin de la prestigiosa firma italiana Porada és una espectacular cadira d’estil contemporani patentada pels reconeguts dissenyadors E. Gottien i GF Coltella.</strong></p>
<p style="font-size: 16px; text-align: left;">Es tracta d’una peça elegant i confortable, que garanteix la màxima comoditat gràcies a la seva estructura ergonòmica en fusta massissa de noguera.</p>
<p style="font-size: 16px; text-align: left;">Gràcies a la gran quantitat d’acabats i entapissats dels que disposa, la col·lecció s’adapta amb facilitat a qualsevol mena d’espai.</p>
<p style="font-size: 16px; text-align: left;">A MIRSA interiorisme &#038; mobiliari som distribuïdors oficials Porada. Per a més informació, visiti el nostre Showroom o contacti amb nosaltres.</p>
<p>[/vc_column_text][vc_row_inner][vc_column_inner]<style type="text/css">#bklyn_btn_69f5a233efe25 .bklyn-btn { color:#ffffff !important; background-color:black !important; }</style><div id="bklyn_btn_69f5a233efe25" class="bklyn-btn-holder  bklyn-btn-center bklyn-btn-tablet-center bklyn-btn-mobile-center"><a title="Contacto"   href="/contacto" target="_self" class="bklyn-btn  bklyn-btn-icon-left bklyn-btn-normal" ><i class="fa fa-envelope"></i><span class="ut-btn-text">Més informació</span></a></div>[/vc_column_inner][/vc_row_inner][/vc_column][/vc_row]</p>
</div>

<p>[vc_row][vc_column][vc_column_text] Arlekin de la prestigiosa firma italiana Porada és una espectacular cadira d’estil contemporani patentada pels reconeguts dissenyadors E. Gottien i GF Coltella. Es tracta d’una peça elegant i confortable, que garanteix la màxima comoditat gràcies a la seva estructura ergonòmica en fusta massissa de noguera. Gràcies a la gran quantitat d’acabats i entapissats dels [&hellip;]</p>
