{"id":50929,"date":"2019-04-18T13:02:48","date_gmt":"2019-04-18T11:02:48","guid":{"rendered":"http:\/\/www.mirsa.es.mialias.net\/sofa-self-control-arketipo\/"},"modified":"2021-02-16T10:26:31","modified_gmt":"2021-02-16T10:26:31","slug":"sofa-self-control-arketipo","status":"publish","type":"page","link":"https:\/\/www.mirsa.es\/ca\/sofa-self-control-arketipo\/","title":{"rendered":"Self Control Arketipo"},"content":{"rendered":"<div class=\"wpb-content-wrapper\"><p>[vc_row css=&#8221;.vc_custom_1583596731269{margin-left: -50px !important;}&#8221;][vc_column][vc_column_text]<a href=\"javascript:history.go(-1)\" onmouseover=\"self.status=document.referrer;return true\" style=\"color: black;\">Atr\u00e1s<\/a>[\/vc_column_text][\/vc_column][\/vc_row][vc_row][vc_column][vc_column_text]<\/p>\n<h5><img decoding=\"async\" class=\"wp-image-1077 size-large aligncenter\" title=\"Self Control Arketipo\" src=\"\/wp-content\/uploads\/2020\/06\/self_control_aketipo.jpg\" alt=\"Self Control Arketipo\" width=\"100%\" height=\"400\" \/><\/h5>\n<p style=\"font-size: 16px; text-align: left;\"><strong>Self Control \u00e9s un elegant i sofisticat sof\u00e0 de disseny contemporani patentat pels prestigiosos Ludovica + Palomba per a la firma italiana Arketipo Firenze.<\/strong><\/p>\n<p style=\"font-size: 16px; text-align: left;\">Es tracta d\u2019una pe\u00e7a harmoniosa i proporcionada, que destaca per les seves l\u00ednies subtils i sim\u00e8triques. Gr\u00e0cies a la seva estructura modular, la col\u00b7lecci\u00f3 permet infinitat de configuracions, adaptant-se a qualsevol mena d\u2019espai.<\/p>\n<p style=\"font-size: 16px; text-align: left;\">Els reposabra\u00e7os i els seients han estat dissenyats especialment per a real\u00e7ar I potenciar les l\u00ednies rectes del sof\u00e0, transmetent eleg\u00e0ncia i exclusivitat.<\/p>\n<p style=\"font-size: 16px; text-align: left;\">A MIRSA interiorisme &#038; mobiliari som distribu\u00efdors oficials Arketipo. Per a m\u00e9s informaci\u00f3, visiti el nostre Showroom o contacti amb nosaltres.\n<\/p>\n<p>[\/vc_column_text][vc_row_inner][vc_column_inner]<style type=\"text\/css\">#bklyn_btn_69f4636345da0 .bklyn-btn { color:#ffffff !important; background-color:black !important; }<\/style><div id=\"bklyn_btn_69f4636345da0\" class=\"bklyn-btn-holder  bklyn-btn-center bklyn-btn-tablet-center bklyn-btn-mobile-center\"><a title=\"Contacto\"   href=\"\/contacto\" target=\"_self\" class=\"bklyn-btn  bklyn-btn-icon-left bklyn-btn-normal\" ><i class=\"fa fa-envelope\"><\/i><span class=\"ut-btn-text\">M\u00e9s informaci\u00f3<\/span><\/a><\/div>[\/vc_column_inner][\/vc_row_inner][\/vc_column][\/vc_row]<\/p>\n<\/div>","protected":false},"excerpt":{"rendered":"<p>[vc_row css=&#8221;.vc_custom_1583596731269{margin-left: -50px !important;}&#8221;][vc_column][vc_column_text]Atr\u00e1s[\/vc_column_text][\/vc_column][\/vc_row][vc_row][vc_column][vc_column_text] Self Control \u00e9s un elegant i sofisticat sof\u00e0 de disseny contemporani patentat pels prestigiosos Ludovica + Palomba per a la firma italiana Arketipo Firenze. Es tracta d\u2019una pe\u00e7a harmoniosa i proporcionada, que destaca per les seves l\u00ednies subtils i sim\u00e8triques. Gr\u00e0cies a la seva estructura modular, la col\u00b7lecci\u00f3 permet infinitat de [&hellip;]<\/p>\n","protected":false},"author":1,"featured_media":0,"parent":0,"menu_order":0,"comment_status":"closed","ping_status":"closed","template":"","meta":{"footnotes":""},"class_list":["post-50929","page","type-page","status-publish","hentry"],"aioseo_notices":[],"_links":{"self":[{"href":"https:\/\/www.mirsa.es\/ca\/wp-json\/wp\/v2\/pages\/50929","targetHints":{"allow":["GET"]}}],"collection":[{"href":"https:\/\/www.mirsa.es\/ca\/wp-json\/wp\/v2\/pages"}],"about":[{"href":"https:\/\/www.mirsa.es\/ca\/wp-json\/wp\/v2\/types\/page"}],"author":[{"embeddable":true,"href":"https:\/\/www.mirsa.es\/ca\/wp-json\/wp\/v2\/users\/1"}],"replies":[{"embeddable":true,"href":"https:\/\/www.mirsa.es\/ca\/wp-json\/wp\/v2\/comments?post=50929"}],"version-history":[{"count":0,"href":"https:\/\/www.mirsa.es\/ca\/wp-json\/wp\/v2\/pages\/50929\/revisions"}],"wp:attachment":[{"href":"https:\/\/www.mirsa.es\/ca\/wp-json\/wp\/v2\/media?parent=50929"}],"curies":[{"name":"wp","href":"https:\/\/api.w.org\/{rel}","templated":true}]}}

<div class="wpb-content-wrapper"><p>[vc_row css=&#8221;.vc_custom_1583596731269{margin-left: -50px !important;}&#8221;][vc_column][vc_column_text]<a href="javascript:history.go(-1)" onmouseover="self.status=document.referrer;return true" style="color: black;">Atrás</a>[/vc_column_text][/vc_column][/vc_row][vc_row][vc_column][vc_column_text]</p>
<h5><img decoding="async" class="wp-image-1077 size-large aligncenter" title="Self Control Arketipo" src="/wp-content/uploads/2020/06/self_control_aketipo.jpg" alt="Self Control Arketipo" width="100%" height="400" /></h5>
<p style="font-size: 16px; text-align: left;"><strong>Self Control és un elegant i sofisticat sofà de disseny contemporani patentat pels prestigiosos Ludovica + Palomba per a la firma italiana Arketipo Firenze.</strong></p>
<p style="font-size: 16px; text-align: left;">Es tracta d’una peça harmoniosa i proporcionada, que destaca per les seves línies subtils i simètriques. Gràcies a la seva estructura modular, la col·lecció permet infinitat de configuracions, adaptant-se a qualsevol mena d’espai.</p>
<p style="font-size: 16px; text-align: left;">Els reposabraços i els seients han estat dissenyats especialment per a realçar I potenciar les línies rectes del sofà, transmetent elegància i exclusivitat.</p>
<p style="font-size: 16px; text-align: left;">A MIRSA interiorisme &#038; mobiliari som distribuïdors oficials Arketipo. Per a més informació, visiti el nostre Showroom o contacti amb nosaltres.
</p>
<p>[/vc_column_text][vc_row_inner][vc_column_inner]<style type="text/css">#bklyn_btn_69f4636345da0 .bklyn-btn { color:#ffffff !important; background-color:black !important; }</style><div id="bklyn_btn_69f4636345da0" class="bklyn-btn-holder  bklyn-btn-center bklyn-btn-tablet-center bklyn-btn-mobile-center"><a title="Contacto"   href="/contacto" target="_self" class="bklyn-btn  bklyn-btn-icon-left bklyn-btn-normal" ><i class="fa fa-envelope"></i><span class="ut-btn-text">Més informació</span></a></div>[/vc_column_inner][/vc_row_inner][/vc_column][/vc_row]</p>
</div>

<p>[vc_row css=&#8221;.vc_custom_1583596731269{margin-left: -50px !important;}&#8221;][vc_column][vc_column_text]Atrás[/vc_column_text][/vc_column][/vc_row][vc_row][vc_column][vc_column_text] Self Control és un elegant i sofisticat sofà de disseny contemporani patentat pels prestigiosos Ludovica + Palomba per a la firma italiana Arketipo Firenze. Es tracta d’una peça harmoniosa i proporcionada, que destaca per les seves línies subtils i simètriques. Gràcies a la seva estructura modular, la col·lecció permet infinitat de [&hellip;]</p>
