{"id":50913,"date":"2018-03-17T12:34:02","date_gmt":"2018-03-17T11:34:02","guid":{"rendered":"http:\/\/www.mirsa.es.mialias.net\/secto-design-iluminacion\/"},"modified":"2024-05-22T15:38:13","modified_gmt":"2024-05-22T15:38:13","slug":"secto-design-iluminacion","status":"publish","type":"page","link":"https:\/\/www.mirsa.es\/ca\/secto-design-iluminacion\/","title":{"rendered":"Secto Design Il\u00b7luminaci\u00f3"},"content":{"rendered":"<div class=\"wpb-content-wrapper\"><p>[vc_row css=&#8221;.vc_custom_1583596731269{margin-left: -50px !important;}&#8221;][vc_column][vc_column_text]<a href=\"javascript:history.go(-1)\" onmouseover=\"self.status=document.referrer;return true\" style=\"color: black;\">Enrere<\/a>[\/vc_column_text][\/vc_column][\/vc_row][vc_row][vc_column][vc_column_text]<\/p>\n<h5><img decoding=\"async\" class=\"wp-image-1077 size-large aligncenter\" title=\"Secto Design Il\u00b7luminaci\u00f3\" src=\"\/wp-content\/uploads\/2021\/02\/lamparas_secto_portada.jpg\" alt=\"Secto Design Il\u00b7luminaci\u00f3\" width=\"100%\" height=\"400\" \/><\/h5>\n<p style=\"font-size: 16px; text-align: left;\"><strong>Les l\u00e0mpades de Secto Design es caracteritzen pel disseny minimalista i uniforme, amb clares influ\u00e8ncies d\u2019estil n\u00f2rdic.<\/strong><\/p>\n<p style=\"font-size: 16px; text-align: left;\">La firma va n\u00e9ixer al 1995 de la m\u00e0 de l\u2019arquitecte Seppo Koho i Tuula Juselius, que van decidir associar-se per a crear una nova firma de mobiliari.<\/p>\n<p style=\"font-size: 16px; text-align: left;\">A principi del 2000, van acordar dedicar-se \u00fanicament a la fabricaci\u00f3 de l\u00e0mpades de disseny i articles d\u2019il\u00b7luminaci\u00f3, sense deixar de banda el seu respecte i admiraci\u00f3 per la fusta del nort d\u2019Europa, transmetent la seva passi\u00f3 pel disseny escandinau en totes les seves col\u00b7leccions.<\/p>\n<p style=\"font-size: 16px; text-align: left;\">Anys m\u00e9s tard, veurien la llum alguns dels models m\u00e9s famosos, com les l\u00e0mpades Octo, Victo, Owala o Puncto.<\/p>\n<p style=\"font-size: 16px; text-align: left;\">Amb el pas dels anys la firma s\u2019ha convertit en una refer\u00e8ncia per a interioristes i dissenyadors d\u2019arreu del m\u00f3n. Actualment es poden trobar col\u00b7leccions Secto en indrets tan emblem\u00e0tics com en el Museu d\u2019Art Modern de Nova York o l\u2019oficina central d\u2019American express a Sydney.<\/p>\n<p style=\"font-size: 16px; text-align: left;\">A MIRSA interiorisme &#038; mobiliari som distribu\u00efdors oficials de l\u00e0mpades Secto Design. Per a m\u00e9s informaci\u00f3 visiti el nostre Showroom o contacti amb nosaltres.<\/p>\n<p>[\/vc_column_text][vc_row_inner][vc_column_inner width=&#8221;1\/3&#8243;][\/vc_column_inner][vc_column_inner width=&#8221;1\/3&#8243;]<style type=\"text\/css\">#bklyn_btn_69f2ea41588d5 .bklyn-btn { color:#ffffff !important; background-color:black !important; }<\/style><div id=\"bklyn_btn_69f2ea41588d5\" class=\"bklyn-btn-holder  bklyn-btn-center bklyn-btn-tablet-center bklyn-btn-mobile-center\"><a title=\"Contacto\"   href=\"\/contacto\" target=\"_self\" class=\"bklyn-btn  bklyn-btn-icon-left bklyn-btn-normal\" ><i class=\"fa fa-envelope\"><\/i><span class=\"ut-btn-text\">M\u00e9s informaci\u00f3<\/span><\/a><\/div>[\/vc_column_inner][vc_column_inner width=&#8221;1\/3&#8243;][\/vc_column_inner][\/vc_row_inner][\/vc_column][\/vc_row]<\/p>\n<\/div>","protected":false},"excerpt":{"rendered":"<p>[vc_row css=&#8221;.vc_custom_1583596731269{margin-left: -50px !important;}&#8221;][vc_column][vc_column_text]Enrere[\/vc_column_text][\/vc_column][\/vc_row][vc_row][vc_column][vc_column_text] Les l\u00e0mpades de Secto Design es caracteritzen pel disseny minimalista i uniforme, amb clares influ\u00e8ncies d\u2019estil n\u00f2rdic. La firma va n\u00e9ixer al 1995 de la m\u00e0 de l\u2019arquitecte Seppo Koho i Tuula Juselius, que van decidir associar-se per a crear una nova firma de mobiliari. A principi del 2000, van acordar [&hellip;]<\/p>\n","protected":false},"author":1,"featured_media":0,"parent":0,"menu_order":0,"comment_status":"closed","ping_status":"closed","template":"","meta":{"footnotes":""},"class_list":["post-50913","page","type-page","status-publish","hentry"],"aioseo_notices":[],"_links":{"self":[{"href":"https:\/\/www.mirsa.es\/ca\/wp-json\/wp\/v2\/pages\/50913","targetHints":{"allow":["GET"]}}],"collection":[{"href":"https:\/\/www.mirsa.es\/ca\/wp-json\/wp\/v2\/pages"}],"about":[{"href":"https:\/\/www.mirsa.es\/ca\/wp-json\/wp\/v2\/types\/page"}],"author":[{"embeddable":true,"href":"https:\/\/www.mirsa.es\/ca\/wp-json\/wp\/v2\/users\/1"}],"replies":[{"embeddable":true,"href":"https:\/\/www.mirsa.es\/ca\/wp-json\/wp\/v2\/comments?post=50913"}],"version-history":[{"count":0,"href":"https:\/\/www.mirsa.es\/ca\/wp-json\/wp\/v2\/pages\/50913\/revisions"}],"wp:attachment":[{"href":"https:\/\/www.mirsa.es\/ca\/wp-json\/wp\/v2\/media?parent=50913"}],"curies":[{"name":"wp","href":"https:\/\/api.w.org\/{rel}","templated":true}]}}

Secto Design Il·luminació

<div class="wpb-content-wrapper"><p>[vc_row css=&#8221;.vc_custom_1583596731269{margin-left: -50px !important;}&#8221;][vc_column][vc_column_text]<a href="javascript:history.go(-1)" onmouseover="self.status=document.referrer;return true" style="color: black;">Enrere</a>[/vc_column_text][/vc_column][/vc_row][vc_row][vc_column][vc_column_text]</p>
<h5><img decoding="async" class="wp-image-1077 size-large aligncenter" title="Secto Design Il·luminació" src="/wp-content/uploads/2021/02/lamparas_secto_portada.jpg" alt="Secto Design Il·luminació" width="100%" height="400" /></h5>
<p style="font-size: 16px; text-align: left;"><strong>Les làmpades de Secto Design es caracteritzen pel disseny minimalista i uniforme, amb clares influències d’estil nòrdic.</strong></p>
<p style="font-size: 16px; text-align: left;">La firma va néixer al 1995 de la mà de l’arquitecte Seppo Koho i Tuula Juselius, que van decidir associar-se per a crear una nova firma de mobiliari.</p>
<p style="font-size: 16px; text-align: left;">A principi del 2000, van acordar dedicar-se únicament a la fabricació de làmpades de disseny i articles d’il·luminació, sense deixar de banda el seu respecte i admiració per la fusta del nort d’Europa, transmetent la seva passió pel disseny escandinau en totes les seves col·leccions.</p>
<p style="font-size: 16px; text-align: left;">Anys més tard, veurien la llum alguns dels models més famosos, com les làmpades Octo, Victo, Owala o Puncto.</p>
<p style="font-size: 16px; text-align: left;">Amb el pas dels anys la firma s’ha convertit en una referència per a interioristes i dissenyadors d’arreu del món. Actualment es poden trobar col·leccions Secto en indrets tan emblemàtics com en el Museu d’Art Modern de Nova York o l’oficina central d’American express a Sydney.</p>
<p style="font-size: 16px; text-align: left;">A MIRSA interiorisme &#038; mobiliari som distribuïdors oficials de làmpades Secto Design. Per a més informació visiti el nostre Showroom o contacti amb nosaltres.</p>
<p>[/vc_column_text][vc_row_inner][vc_column_inner width=&#8221;1/3&#8243;][/vc_column_inner][vc_column_inner width=&#8221;1/3&#8243;]<style type="text/css">#bklyn_btn_69f2ea41588d5 .bklyn-btn { color:#ffffff !important; background-color:black !important; }</style><div id="bklyn_btn_69f2ea41588d5" class="bklyn-btn-holder  bklyn-btn-center bklyn-btn-tablet-center bklyn-btn-mobile-center"><a title="Contacto"   href="/contacto" target="_self" class="bklyn-btn  bklyn-btn-icon-left bklyn-btn-normal" ><i class="fa fa-envelope"></i><span class="ut-btn-text">Més informació</span></a></div>[/vc_column_inner][vc_column_inner width=&#8221;1/3&#8243;][/vc_column_inner][/vc_row_inner][/vc_column][/vc_row]</p>
</div>

<p>[vc_row css=&#8221;.vc_custom_1583596731269{margin-left: -50px !important;}&#8221;][vc_column][vc_column_text]Enrere[/vc_column_text][/vc_column][/vc_row][vc_row][vc_column][vc_column_text] Les làmpades de Secto Design es caracteritzen pel disseny minimalista i uniforme, amb clares influències d’estil nòrdic. La firma va néixer al 1995 de la mà de l’arquitecte Seppo Koho i Tuula Juselius, que van decidir associar-se per a crear una nova firma de mobiliari. A principi del 2000, van acordar [&hellip;]</p>
