{"id":50893,"date":"2018-06-26T20:20:32","date_gmt":"2018-06-26T18:20:32","guid":{"rendered":"http:\/\/www.mirsa.es.mialias.net\/schonbuch-muebles-complementos\/"},"modified":"2024-05-22T15:30:41","modified_gmt":"2024-05-22T15:30:41","slug":"schonbuch-muebles-complementos","status":"publish","type":"page","link":"https:\/\/www.mirsa.es\/ca\/schonbuch-muebles-complementos\/","title":{"rendered":"Sch\u00f6nbuch Mobles y Complements"},"content":{"rendered":"<div class=\"wpb-content-wrapper\"><p>[vc_row css=&#8221;.vc_custom_1583596731269{margin-left: -50px !important;}&#8221;][vc_column][vc_column_text]<a href=\"javascript:history.go(-1)\" onmouseover=\"self.status=document.referrer;return true\" style=\"color: black;\">Enrere<\/a>[\/vc_column_text][\/vc_column][\/vc_row][vc_row][vc_column][vc_column_text]<\/p>\n<h5><img decoding=\"async\" class=\"wp-image-1077 size-large aligncenter\" title=\"Sch\u00f6nbunch Mobles\" src=\"\/wp-content\/uploads\/2020\/06\/schonbuch.jpg\" alt=\"Sch\u00f6nbunch Mobles\" width=\"100%\" height=\"400\" \/><\/h5>\n<p style=\"font-size: 16px; text-align: left;\"><strong>Sch\u00f6nbuch \u00e9s una reconeguda firma especialitzada en la fabricaci\u00f3 i distribuci\u00f3 de mobiliari de disseny i elements decoratius per a la llar.<\/strong><\/p>\n<p style=\"font-size: 16px; text-align: left;\">La marca ofereix una gran quantitat de sistemes funcionals amb l\u2019objectiu de potenciar al m\u00e0xim els espais i dotar-los de personalitat. Una col\u00b7lecci\u00f3 en constant evoluci\u00f3, que ofereix solucions pr\u00e0ctiques d\u2019estil contemporani per a qualsevol depend\u00e8ncia de la llar.<\/p>\n<p style=\"font-size: 16px; text-align: left;\">Els mobles i accessoris de la marca garanteixen l\u2019ordre I l\u2019equilibri, creant espais oberts i especiosos. A MIRSA interiorisme &#038; mobiliari som distribu\u00efdors oficials Sch\u00f6nbunch. Per a m\u00e9s informaci\u00f3, visiti el nostre Showroom o contacti amb nosaltres.<\/p>\n<p>[\/vc_column_text][vc_row_inner][vc_column_inner width=&#8221;1\/3&#8243;][\/vc_column_inner][vc_column_inner width=&#8221;1\/3&#8243;]<style type=\"text\/css\">#bklyn_btn_69f3cb79a31ed .bklyn-btn { color:#ffffff !important; background-color:black !important; }<\/style><div id=\"bklyn_btn_69f3cb79a31ed\" class=\"bklyn-btn-holder  bklyn-btn-center bklyn-btn-tablet-center bklyn-btn-mobile-center\"><a title=\"Contacto\"   href=\"\/contacto\" target=\"_self\" class=\"bklyn-btn  bklyn-btn-icon-left bklyn-btn-normal\" ><i class=\"fa fa-envelope\"><\/i><span class=\"ut-btn-text\">M\u00e9s informaci\u00f3<\/span><\/a><\/div>[\/vc_column_inner][vc_column_inner width=&#8221;1\/3&#8243;][\/vc_column_inner][\/vc_row_inner][\/vc_column][\/vc_row]<\/p>\n<\/div>","protected":false},"excerpt":{"rendered":"<p>[vc_row css=&#8221;.vc_custom_1583596731269{margin-left: -50px !important;}&#8221;][vc_column][vc_column_text]Enrere[\/vc_column_text][\/vc_column][\/vc_row][vc_row][vc_column][vc_column_text] Sch\u00f6nbuch \u00e9s una reconeguda firma especialitzada en la fabricaci\u00f3 i distribuci\u00f3 de mobiliari de disseny i elements decoratius per a la llar. La marca ofereix una gran quantitat de sistemes funcionals amb l\u2019objectiu de potenciar al m\u00e0xim els espais i dotar-los de personalitat. Una col\u00b7lecci\u00f3 en constant evoluci\u00f3, que ofereix solucions [&hellip;]<\/p>\n","protected":false},"author":1,"featured_media":0,"parent":0,"menu_order":0,"comment_status":"closed","ping_status":"closed","template":"","meta":{"footnotes":""},"class_list":["post-50893","page","type-page","status-publish","hentry"],"aioseo_notices":[],"_links":{"self":[{"href":"https:\/\/www.mirsa.es\/ca\/wp-json\/wp\/v2\/pages\/50893","targetHints":{"allow":["GET"]}}],"collection":[{"href":"https:\/\/www.mirsa.es\/ca\/wp-json\/wp\/v2\/pages"}],"about":[{"href":"https:\/\/www.mirsa.es\/ca\/wp-json\/wp\/v2\/types\/page"}],"author":[{"embeddable":true,"href":"https:\/\/www.mirsa.es\/ca\/wp-json\/wp\/v2\/users\/1"}],"replies":[{"embeddable":true,"href":"https:\/\/www.mirsa.es\/ca\/wp-json\/wp\/v2\/comments?post=50893"}],"version-history":[{"count":0,"href":"https:\/\/www.mirsa.es\/ca\/wp-json\/wp\/v2\/pages\/50893\/revisions"}],"wp:attachment":[{"href":"https:\/\/www.mirsa.es\/ca\/wp-json\/wp\/v2\/media?parent=50893"}],"curies":[{"name":"wp","href":"https:\/\/api.w.org\/{rel}","templated":true}]}}

Schönbuch Mobles y Complements

<div class="wpb-content-wrapper"><p>[vc_row css=&#8221;.vc_custom_1583596731269{margin-left: -50px !important;}&#8221;][vc_column][vc_column_text]<a href="javascript:history.go(-1)" onmouseover="self.status=document.referrer;return true" style="color: black;">Enrere</a>[/vc_column_text][/vc_column][/vc_row][vc_row][vc_column][vc_column_text]</p>
<h5><img decoding="async" class="wp-image-1077 size-large aligncenter" title="Schönbunch Mobles" src="/wp-content/uploads/2020/06/schonbuch.jpg" alt="Schönbunch Mobles" width="100%" height="400" /></h5>
<p style="font-size: 16px; text-align: left;"><strong>Schönbuch és una reconeguda firma especialitzada en la fabricació i distribució de mobiliari de disseny i elements decoratius per a la llar.</strong></p>
<p style="font-size: 16px; text-align: left;">La marca ofereix una gran quantitat de sistemes funcionals amb l’objectiu de potenciar al màxim els espais i dotar-los de personalitat. Una col·lecció en constant evolució, que ofereix solucions pràctiques d’estil contemporani per a qualsevol dependència de la llar.</p>
<p style="font-size: 16px; text-align: left;">Els mobles i accessoris de la marca garanteixen l’ordre I l’equilibri, creant espais oberts i especiosos. A MIRSA interiorisme &#038; mobiliari som distribuïdors oficials Schönbunch. Per a més informació, visiti el nostre Showroom o contacti amb nosaltres.</p>
<p>[/vc_column_text][vc_row_inner][vc_column_inner width=&#8221;1/3&#8243;][/vc_column_inner][vc_column_inner width=&#8221;1/3&#8243;]<style type="text/css">#bklyn_btn_69f3cb79a31ed .bklyn-btn { color:#ffffff !important; background-color:black !important; }</style><div id="bklyn_btn_69f3cb79a31ed" class="bklyn-btn-holder  bklyn-btn-center bklyn-btn-tablet-center bklyn-btn-mobile-center"><a title="Contacto"   href="/contacto" target="_self" class="bklyn-btn  bklyn-btn-icon-left bklyn-btn-normal" ><i class="fa fa-envelope"></i><span class="ut-btn-text">Més informació</span></a></div>[/vc_column_inner][vc_column_inner width=&#8221;1/3&#8243;][/vc_column_inner][/vc_row_inner][/vc_column][/vc_row]</p>
</div>

<p>[vc_row css=&#8221;.vc_custom_1583596731269{margin-left: -50px !important;}&#8221;][vc_column][vc_column_text]Enrere[/vc_column_text][/vc_column][/vc_row][vc_row][vc_column][vc_column_text] Schönbuch és una reconeguda firma especialitzada en la fabricació i distribució de mobiliari de disseny i elements decoratius per a la llar. La marca ofereix una gran quantitat de sistemes funcionals amb l’objectiu de potenciar al màxim els espais i dotar-los de personalitat. Una col·lecció en constant evolució, que ofereix solucions [&hellip;]</p>
