{"id":50743,"date":"2019-04-10T11:53:35","date_gmt":"2019-04-10T09:53:35","guid":{"rendered":"http:\/\/www.mirsa.es.mialias.net\/rilly-dedon-daybed\/"},"modified":"2021-02-11T16:20:34","modified_gmt":"2021-02-11T16:20:34","slug":"rilly-dedon-daybed","status":"publish","type":"page","link":"https:\/\/www.mirsa.es\/ca\/rilly-dedon-daybed\/","title":{"rendered":"Rilly Dedon Daybed"},"content":{"rendered":"<div class=\"wpb-content-wrapper\"><p>[vc_row][vc_column][vc_column_text]<\/p>\n<h5><img decoding=\"async\" class=\"wp-image-1077 size-large aligncenter\" title=\"Rilly Dedon Daybed\" src=\"\/wp-content\/uploads\/2021\/02\/rilly_daybed_dedon.jpg\" alt=\"Rilly Dedon Daybed\" width=\"100%\" height=\"400\" \/><\/h5>\n<p style=\"font-size: 16px; text-align: left;\"><strong>Rilly \u00e9s la nova col\u00b7lecci\u00f3 de daybeds per a jardins i terrasses patentada pel prestigi\u00f3s estudi italo-dan\u00e8s GamFratesi per a la firma Dedon.<\/strong><\/p>\n<p style=\"font-size: 16px; text-align: left;\">Es tracta d\u2019una pe\u00e7a elegant i funcional, que destaca pel seu espectacular dosel que garanteix la protecci\u00f3 contra el sol i que li d\u00f3na un toc de glamur i exclusivitat a la pe\u00e7a.<\/p>\n<p style=\"font-size: 16px; text-align: left;\">Un cur\u00f3s disseny i l\u2019atenci\u00f3 pels detalls fan de Rilly una col\u00b7lecci\u00f3 singular i atractiva, a la vegada que garanteix la m\u00e0xima comoditat.<\/p>\n<p style=\"font-size: 16px; text-align: left;\">A MIRSA interiorisme &#038; mobiliari disposem en exclusiva de la col\u00b7lecci\u00f3 Rilly, aix\u00ed com de totes les col\u00b7leccions de la firma alemanya Dedon. Per a m\u00e9s informaci\u00f3, visiti el nostre Showroom o contacti amb nosaltres.<\/p>\n<p>[\/vc_column_text][vc_row_inner][vc_column_inner]<style type=\"text\/css\">#bklyn_btn_69f48e3100e79 .bklyn-btn { color:#ffffff !important; background-color:black !important; }<\/style><div id=\"bklyn_btn_69f48e3100e79\" class=\"bklyn-btn-holder  bklyn-btn-center bklyn-btn-tablet-center bklyn-btn-mobile-center\"><a title=\"Contacto\"   href=\"\/contacto\" target=\"_self\" class=\"bklyn-btn  bklyn-btn-icon-left bklyn-btn-normal\" ><i class=\"fa fa-envelope\"><\/i><span class=\"ut-btn-text\">M\u00e9s informaci\u00f3<\/span><\/a><\/div>[\/vc_column_inner][\/vc_row_inner][\/vc_column][\/vc_row]<\/p>\n<\/div>","protected":false},"excerpt":{"rendered":"<p>[vc_row][vc_column][vc_column_text] Rilly \u00e9s la nova col\u00b7lecci\u00f3 de daybeds per a jardins i terrasses patentada pel prestigi\u00f3s estudi italo-dan\u00e8s GamFratesi per a la firma Dedon. Es tracta d\u2019una pe\u00e7a elegant i funcional, que destaca pel seu espectacular dosel que garanteix la protecci\u00f3 contra el sol i que li d\u00f3na un toc de glamur i exclusivitat a [&hellip;]<\/p>\n","protected":false},"author":1,"featured_media":0,"parent":0,"menu_order":0,"comment_status":"closed","ping_status":"closed","template":"","meta":{"footnotes":""},"class_list":["post-50743","page","type-page","status-publish","hentry"],"aioseo_notices":[],"_links":{"self":[{"href":"https:\/\/www.mirsa.es\/ca\/wp-json\/wp\/v2\/pages\/50743","targetHints":{"allow":["GET"]}}],"collection":[{"href":"https:\/\/www.mirsa.es\/ca\/wp-json\/wp\/v2\/pages"}],"about":[{"href":"https:\/\/www.mirsa.es\/ca\/wp-json\/wp\/v2\/types\/page"}],"author":[{"embeddable":true,"href":"https:\/\/www.mirsa.es\/ca\/wp-json\/wp\/v2\/users\/1"}],"replies":[{"embeddable":true,"href":"https:\/\/www.mirsa.es\/ca\/wp-json\/wp\/v2\/comments?post=50743"}],"version-history":[{"count":0,"href":"https:\/\/www.mirsa.es\/ca\/wp-json\/wp\/v2\/pages\/50743\/revisions"}],"wp:attachment":[{"href":"https:\/\/www.mirsa.es\/ca\/wp-json\/wp\/v2\/media?parent=50743"}],"curies":[{"name":"wp","href":"https:\/\/api.w.org\/{rel}","templated":true}]}}

<div class="wpb-content-wrapper"><p>[vc_row][vc_column][vc_column_text]</p>
<h5><img decoding="async" class="wp-image-1077 size-large aligncenter" title="Rilly Dedon Daybed" src="/wp-content/uploads/2021/02/rilly_daybed_dedon.jpg" alt="Rilly Dedon Daybed" width="100%" height="400" /></h5>
<p style="font-size: 16px; text-align: left;"><strong>Rilly és la nova col·lecció de daybeds per a jardins i terrasses patentada pel prestigiós estudi italo-danès GamFratesi per a la firma Dedon.</strong></p>
<p style="font-size: 16px; text-align: left;">Es tracta d’una peça elegant i funcional, que destaca pel seu espectacular dosel que garanteix la protecció contra el sol i que li dóna un toc de glamur i exclusivitat a la peça.</p>
<p style="font-size: 16px; text-align: left;">Un curós disseny i l’atenció pels detalls fan de Rilly una col·lecció singular i atractiva, a la vegada que garanteix la màxima comoditat.</p>
<p style="font-size: 16px; text-align: left;">A MIRSA interiorisme &#038; mobiliari disposem en exclusiva de la col·lecció Rilly, així com de totes les col·leccions de la firma alemanya Dedon. Per a més informació, visiti el nostre Showroom o contacti amb nosaltres.</p>
<p>[/vc_column_text][vc_row_inner][vc_column_inner]<style type="text/css">#bklyn_btn_69f48e3100e79 .bklyn-btn { color:#ffffff !important; background-color:black !important; }</style><div id="bklyn_btn_69f48e3100e79" class="bklyn-btn-holder  bklyn-btn-center bklyn-btn-tablet-center bklyn-btn-mobile-center"><a title="Contacto"   href="/contacto" target="_self" class="bklyn-btn  bklyn-btn-icon-left bklyn-btn-normal" ><i class="fa fa-envelope"></i><span class="ut-btn-text">Més informació</span></a></div>[/vc_column_inner][/vc_row_inner][/vc_column][/vc_row]</p>
</div>

<p>[vc_row][vc_column][vc_column_text] Rilly és la nova col·lecció de daybeds per a jardins i terrasses patentada pel prestigiós estudi italo-danès GamFratesi per a la firma Dedon. Es tracta d’una peça elegant i funcional, que destaca pel seu espectacular dosel que garanteix la protecció contra el sol i que li dóna un toc de glamur i exclusivitat a [&hellip;]</p>
