{"id":50717,"date":"2018-10-11T12:09:23","date_gmt":"2018-10-11T10:09:23","guid":{"rendered":"http:\/\/www.mirsa.es.mialias.net\/sombrilla-reav-dedon\/"},"modified":"2021-02-11T10:59:33","modified_gmt":"2021-02-11T10:59:33","slug":"sombrilla-reav-dedon","status":"publish","type":"page","link":"https:\/\/www.mirsa.es\/ca\/sombrilla-reav-dedon\/","title":{"rendered":"Reav DEDON"},"content":{"rendered":"<div class=\"wpb-content-wrapper\"><p>[vc_row][vc_column][vc_column_text]<\/p>\n<h5><img decoding=\"async\" class=\"wp-image-1077 size-large aligncenter\" title=\"Reav DEDON\" src=\"\/wp-content\/uploads\/2020\/08\/reav_parasol_dedon.jpg\" alt=\"Reav DEDON\" width=\"100%\" height=\"400\"\/><\/h5>\n<p style=\"font-size: 16px; text-align: left;\"><strong>El parasol Reav de la firma Dedon \u00e9s una pe\u00e7a elegant i lleugera, que garanteix la m\u00e0xima protecci\u00f3 contra el sol i el vent gr\u00e0cies a la seva estructura robusta i funcional.<\/strong><\/p>\n<p style=\"font-size: 16px; text-align: left;\">La combinaci\u00f3 entre lleugeresa i funcionalitat fan de Reav un recurs ideal per ambientar espais exteriors, garantint la m\u00e0xima protecci\u00f3 i potenciant el disseny.<\/p>\n<p style=\"font-size: 16px; text-align: left;\">Reav es desplega f\u00e0cilment gr\u00e0cies a un innovador sistema de politges. La tela dels tendals ha estat dissenyada especialment per a protegir contra els rajos UV i per a repel\u00b7lir la societat i l\u2019aigua.<\/p>\n<p style=\"font-size: 16px; text-align: left;\">A MIRSA interiorisme &#038; mobiliari som distribu\u00efdors oficials Dedon. Per a m\u00e9s informaci\u00f3, visiti el nostre Showroom o contacti amb nosaltres.\n<\/p>\n<p>[\/vc_column_text][vc_row_inner][vc_column_inner]<style type=\"text\/css\">#bklyn_btn_69f4e5d366eb8 .bklyn-btn { color:#ffffff !important; background-color:black !important; }<\/style><div id=\"bklyn_btn_69f4e5d366eb8\" class=\"bklyn-btn-holder  bklyn-btn-center bklyn-btn-tablet-center bklyn-btn-mobile-center\"><a title=\"Contacto\"   href=\"\/contacto\" target=\"_self\" class=\"bklyn-btn  bklyn-btn-icon-left bklyn-btn-normal\" ><i class=\"fa fa-envelope\"><\/i><span class=\"ut-btn-text\">M\u00e9s informaci\u00f3<\/span><\/a><\/div>[\/vc_column_inner][\/vc_row_inner][\/vc_column][\/vc_row]<\/p>\n<\/div>","protected":false},"excerpt":{"rendered":"<p>[vc_row][vc_column][vc_column_text] El parasol Reav de la firma Dedon \u00e9s una pe\u00e7a elegant i lleugera, que garanteix la m\u00e0xima protecci\u00f3 contra el sol i el vent gr\u00e0cies a la seva estructura robusta i funcional. La combinaci\u00f3 entre lleugeresa i funcionalitat fan de Reav un recurs ideal per ambientar espais exteriors, garantint la m\u00e0xima protecci\u00f3 i potenciant [&hellip;]<\/p>\n","protected":false},"author":1,"featured_media":0,"parent":0,"menu_order":0,"comment_status":"closed","ping_status":"closed","template":"","meta":{"footnotes":""},"class_list":["post-50717","page","type-page","status-publish","hentry"],"aioseo_notices":[],"_links":{"self":[{"href":"https:\/\/www.mirsa.es\/ca\/wp-json\/wp\/v2\/pages\/50717","targetHints":{"allow":["GET"]}}],"collection":[{"href":"https:\/\/www.mirsa.es\/ca\/wp-json\/wp\/v2\/pages"}],"about":[{"href":"https:\/\/www.mirsa.es\/ca\/wp-json\/wp\/v2\/types\/page"}],"author":[{"embeddable":true,"href":"https:\/\/www.mirsa.es\/ca\/wp-json\/wp\/v2\/users\/1"}],"replies":[{"embeddable":true,"href":"https:\/\/www.mirsa.es\/ca\/wp-json\/wp\/v2\/comments?post=50717"}],"version-history":[{"count":0,"href":"https:\/\/www.mirsa.es\/ca\/wp-json\/wp\/v2\/pages\/50717\/revisions"}],"wp:attachment":[{"href":"https:\/\/www.mirsa.es\/ca\/wp-json\/wp\/v2\/media?parent=50717"}],"curies":[{"name":"wp","href":"https:\/\/api.w.org\/{rel}","templated":true}]}}

<div class="wpb-content-wrapper"><p>[vc_row][vc_column][vc_column_text]</p>
<h5><img decoding="async" class="wp-image-1077 size-large aligncenter" title="Reav DEDON" src="/wp-content/uploads/2020/08/reav_parasol_dedon.jpg" alt="Reav DEDON" width="100%" height="400"/></h5>
<p style="font-size: 16px; text-align: left;"><strong>El parasol Reav de la firma Dedon és una peça elegant i lleugera, que garanteix la màxima protecció contra el sol i el vent gràcies a la seva estructura robusta i funcional.</strong></p>
<p style="font-size: 16px; text-align: left;">La combinació entre lleugeresa i funcionalitat fan de Reav un recurs ideal per ambientar espais exteriors, garantint la màxima protecció i potenciant el disseny.</p>
<p style="font-size: 16px; text-align: left;">Reav es desplega fàcilment gràcies a un innovador sistema de politges. La tela dels tendals ha estat dissenyada especialment per a protegir contra els rajos UV i per a repel·lir la societat i l’aigua.</p>
<p style="font-size: 16px; text-align: left;">A MIRSA interiorisme &#038; mobiliari som distribuïdors oficials Dedon. Per a més informació, visiti el nostre Showroom o contacti amb nosaltres.
</p>
<p>[/vc_column_text][vc_row_inner][vc_column_inner]<style type="text/css">#bklyn_btn_69f4e5d366eb8 .bklyn-btn { color:#ffffff !important; background-color:black !important; }</style><div id="bklyn_btn_69f4e5d366eb8" class="bklyn-btn-holder  bklyn-btn-center bklyn-btn-tablet-center bklyn-btn-mobile-center"><a title="Contacto"   href="/contacto" target="_self" class="bklyn-btn  bklyn-btn-icon-left bklyn-btn-normal" ><i class="fa fa-envelope"></i><span class="ut-btn-text">Més informació</span></a></div>[/vc_column_inner][/vc_row_inner][/vc_column][/vc_row]</p>
</div>

<p>[vc_row][vc_column][vc_column_text] El parasol Reav de la firma Dedon és una peça elegant i lleugera, que garanteix la màxima protecció contra el sol i el vent gràcies a la seva estructura robusta i funcional. La combinació entre lleugeresa i funcionalitat fan de Reav un recurs ideal per ambientar espais exteriors, garantint la màxima protecció i potenciant [&hellip;]</p>
